[Tue Dec 02 10:00:59.391979 2025] [core:error] [pid 46897] [client 148.113.214.89:55707] AH00126: Invalid URI in request GET /assets/file:/{{path}}/%252e%252e/%252e%252e/%252e%252e/%252e%252e/%252e%252e/%252e%252e/etc/passwd HTTP/1.1
[Tue Dec 02 10:01:00.051517 2025] [core:error] [pid 47225] [client 148.113.214.89:55730] AH00126: Invalid URI in request GET /assets/plugins/pace/%252e%252e/%252e%252e/%252e%252e/%252e%252e/%252e%252e/%252e%252e/%252e%252e/%252e%252e/windows/win.ini HTTP/1.1
[Tue Dec 02 10:01:00.199140 2025] [core:error] [pid 47418] (36)File name too long: [client 148.113.214.89:55759] AH00036: access to /icons/AAAAAAAAAAAAAAAAAAAAAAAAAAAAAAAAAAAAAAAAAAAAAAAAAAAAAAAAAAAAAAAAAAAAAAAAAAAAAAAAAAAAAAAAAAAAAAAAAAAAAAAAAAAAAAAAAAAAAAAAAAAAAAAAAAAAAAAAAAAAAAAAAAAAAAAAAAAAAAAAAAAAAAAAAAAAAAAAAAAAAAAAAAAAAAAAAAAAAAAAAAAAAAAAAAAAAAAAAAAAAAAAAAAAAAAAAAAAAAAAAAAAAAAAAAAAAAAAAAAAAAAAAAAAAAAAAAAAAAAAAAAAAAAAAAAAAAAAAAAA failed (filesystem path '/usr/share/httpd/icons/AAAAAAAAAAAAAAAAAAAAAAAAAAAAAAAAAAAAAAAAAAAAAAAAAAAAAAAAAAAAAAAAAAAAAAAAAAAAAAAAAAAAAAAAAAAAAAAAAAAAAAAAAAAAAAAAAAAAAAAAAAAAAAAAAAAAAAAAAAAAAAAAAAAAAAAAAAAAAAAAAAAAAAAAAAAAAAAAAAAAAAAAAAAAAAAAAAAAAAAAAAAAAAAAAAAAAAAAAAAAAAAAAAAAAAAAAAAAAAAAAAAAAAAAAAAAAAAAAAAAAAAAAAAAAAAAAAAAAAAAAAAAAAAAAAAAAAAAAAAA')
[Tue Dec 02 10:01:00.612391 2025] [core:error] [pid 47332] [client 148.113.214.89:55762] AH00126: Invalid URI in request GET /assets/bower_components/Ionicons/%252e%252e/%252e%252e/%252e%252e/%252e%252e/%252e%252e/%252e%252e/%252e%252e/%252e%252e/%252e%252e/%252e%252e/%252e%252e/%252e%252e/%252e%252e/%252e%252e/%252e%252e/%252e%252e/etc/passwd HTTP/1.1
[Tue Dec 02 10:01:00.719903 2025] [core:error] [pid 47418] (36)File name too long: [client 148.113.214.89:55759] AH00036: access to /assets/plugins/filterizr/AAAAAAAAAAAAAAAAAAAAAAAAAAAAAAAAAAAAAAAAAAAAAAAAAAAAAAAAAAAAAAAAAAAAAAAAAAAAAAAAAAAAAAAAAAAAAAAAAAAAAAAAAAAAAAAAAAAAAAAAAAAAAAAAAAAAAAAAAAAAAAAAAAAAAAAAAAAAAAAAAAAAAAAAAAAAAAAAAAAAAAAAAAAAAAAAAAAAAAAAAAAAAAAAAAAAAAAAAAAAAAAAAAAAAAAAAAAAAAAAAAAAAAAAAAAAAAAAAAAAAAAAAAAAAAAAAAAAAAAAAAAAAAAAAAAAAAAAAAAA failed (filesystem path '/var/www/html/apigeo/assets/plugins/filterizr/AAAAAAAAAAAAAAAAAAAAAAAAAAAAAAAAAAAAAAAAAAAAAAAAAAAAAAAAAAAAAAAAAAAAAAAAAAAAAAAAAAAAAAAAAAAAAAAAAAAAAAAAAAAAAAAAAAAAAAAAAAAAAAAAAAAAAAAAAAAAAAAAAAAAAAAAAAAAAAAAAAAAAAAAAAAAAAAAAAAAAAAAAAAAAAAAAAAAAAAAAAAAAAAAAAAAAAAAAAAAAAAAAAAAAAAAAAAAAAAAAAAAAAAAAAAAAAAAAAAAAAAAAAAAAAAAAAAAAAAAAAAAAAAAAAAAAAAAAAAA')
[Tue Dec 02 10:01:03.618430 2025] [cgi:error] [pid 47324] [client 148.113.214.89:55768] attempt to invoke directory as script: /var/www/cgi-bin/
[Tue Dec 02 10:01:03.988991 2025] [core:error] [pid 47418] [client 148.113.214.89:55759] AH00126: Invalid URI in request GET /assets/css/%252e%252e/%252e%252e/%252e%252e/%252e%252e/%252e%252e/%252e%252e/%252e%252e/%252e%252e/etc/passwd HTTP/1.1
[Tue Dec 02 10:01:04.241643 2025] [core:error] [pid 47402] [client 148.113.214.89:55928] AH00126: Invalid URI in request GET /assets/bower_components/font-awesome/css/%252e%252e/%252e%252e/%252e%252e/%252e%252e/%252e%252e/%252e%252e/%252e%252e/%252e%252e/etc/passwd HTTP/1.1
[Tue Dec 02 10:01:04.383627 2025] [core:error] [pid 47417] [client 148.113.214.89:55915] AH00126: Invalid URI in request GET /assets/plugins/fastclick/%252e%252e/%252e%252e/%252e%252e/%252e%252e/%252e%252e/%252e%252e/%252e%252e/%252e%252e/etc/passwd HTTP/1.1
[Tue Dec 02 10:01:05.669194 2025] [core:error] [pid 47285] (36)File name too long: [client 148.113.214.89:55946] AH00036: access to /assets/plugins/filterizr/makeLayoutPositions/AAAAAAAAAAAAAAAAAAAAAAAAAAAAAAAAAAAAAAAAAAAAAAAAAAAAAAAAAAAAAAAAAAAAAAAAAAAAAAAAAAAAAAAAAAAAAAAAAAAAAAAAAAAAAAAAAAAAAAAAAAAAAAAAAAAAAAAAAAAAAAAAAAAAAAAAAAAAAAAAAAAAAAAAAAAAAAAAAAAAAAAAAAAAAAAAAAAAAAAAAAAAAAAAAAAAAAAAAAAAAAAAAAAAAAAAAAAAAAAAAAAAAAAAAAAAAAAAAAAAAAAAAAAAAAAAAAAAAAAAAAAAAAAAAAAAAAAAAAAA failed (filesystem path '/var/www/html/apigeo/assets/plugins/filterizr/makeLayoutPositions/AAAAAAAAAAAAAAAAAAAAAAAAAAAAAAAAAAAAAAAAAAAAAAAAAAAAAAAAAAAAAAAAAAAAAAAAAAAAAAAAAAAAAAAAAAAAAAAAAAAAAAAAAAAAAAAAAAAAAAAAAAAAAAAAAAAAAAAAAAAAAAAAAAAAAAAAAAAAAAAAAAAAAAAAAAAAAAAAAAAAAAAAAAAAAAAAAAAAAAAAAAAAAAAAAAAAAAAAAAAAAAAAAAAAAAAAAAAAAAAAAAAAAAAAAAAAAAAAAAAAAAAAAAAAAAAAAAAAAAAAAAAAAAAAAAAAAAAAAAAA')
[Tue Dec 02 10:01:06.104833 2025] [core:error] [pid 47324] [client 148.113.214.89:55768] AH00126: Invalid URI in request GET /1_sources/%252e%252e/%252e%252e/%252e%252e/%252e%252e/%252e%252e/%252e%252e/%252e%252e/%252e%252e/windows/win.ini HTTP/1.1
[Tue Dec 02 10:01:07.011224 2025] [core:error] [pid 47402] [client 148.113.214.89:56036] AH00126: Invalid URI in request GET /assets/bower_components/font-awesome/css/%252e%252e/%252e%252e/%252e%252e/%252e%252e/%252e%252e/%252e%252e/%252e%252e/%252e%252e/%252e%252e/%252e%252e/%252e%252e/%252e%252e/%252e%252e/%252e%252e/%252e%252e/%252e%252e/etc/passwd HTTP/1.1
[Tue Dec 02 10:01:07.022146 2025] [core:error] [pid 47405] [client 148.113.214.89:55943] AH00126: Invalid URI in request GET /assets/bower_components/%252e%252e/%252e%252e/%252e%252e/%252e%252e/%252e%252e/%252e%252e/%252e%252e/%252e%252e/etc/passwd HTTP/1.1
[Tue Dec 02 10:01:07.041728 2025] [core:error] [pid 47168] [client 148.113.214.89:56033] AH00126: Invalid URI in request GET /assets/bower_components/jvectormap/%252e%252e/%252e%252e/%252e%252e/%252e%252e/%252e%252e/%252e%252e/%252e%252e/%252e%252e/etc/passwd HTTP/1.1
[Tue Dec 02 10:01:07.595293 2025] [core:error] [pid 47234] (36)File name too long: [client 148.113.214.89:56074] AH00036: access to /assets/plugins/fastclick/AAAAAAAAAAAAAAAAAAAAAAAAAAAAAAAAAAAAAAAAAAAAAAAAAAAAAAAAAAAAAAAAAAAAAAAAAAAAAAAAAAAAAAAAAAAAAAAAAAAAAAAAAAAAAAAAAAAAAAAAAAAAAAAAAAAAAAAAAAAAAAAAAAAAAAAAAAAAAAAAAAAAAAAAAAAAAAAAAAAAAAAAAAAAAAAAAAAAAAAAAAAAAAAAAAAAAAAAAAAAAAAAAAAAAAAAAAAAAAAAAAAAAAAAAAAAAAAAAAAAAAAAAAAAAAAAAAAAAAAAAAAAAAAAAAAAAAAAAAAA failed (filesystem path '/var/www/html/apigeo/assets/plugins/fastclick/AAAAAAAAAAAAAAAAAAAAAAAAAAAAAAAAAAAAAAAAAAAAAAAAAAAAAAAAAAAAAAAAAAAAAAAAAAAAAAAAAAAAAAAAAAAAAAAAAAAAAAAAAAAAAAAAAAAAAAAAAAAAAAAAAAAAAAAAAAAAAAAAAAAAAAAAAAAAAAAAAAAAAAAAAAAAAAAAAAAAAAAAAAAAAAAAAAAAAAAAAAAAAAAAAAAAAAAAAAAAAAAAAAAAAAAAAAAAAAAAAAAAAAAAAAAAAAAAAAAAAAAAAAAAAAAAAAAAAAAAAAAAAAAAAAAAAAAAAAAA')
[Tue Dec 02 10:01:07.611022 2025] [core:error] [pid 47225] [client 148.113.214.89:56075] AH00126: Invalid URI in request GET /assets/plugins/filterizr/%252e%252e/%252e%252e/%252e%252e/%252e%252e/%252e%252e/%252e%252e/%252e%252e/%252e%252e/%252e%252e/%252e%252e/%252e%252e/%252e%252e/%252e%252e/%252e%252e/%252e%252e/%252e%252e/etc/passwd HTTP/1.1
[Tue Dec 02 10:01:09.190830 2025] [core:error] [pid 47507] [client 148.113.214.89:56127] AH00126: Invalid URI in request GET /assets/bower_components/font-awesome/%252e%252e/%252e%252e/%252e%252e/%252e%252e/%252e%252e/%252e%252e/%252e%252e/%252e%252e/%252e%252e/%252e%252e/%252e%252e/%252e%252e/%252e%252e/%252e%252e/%252e%252e/%252e%252e/etc/passwd HTTP/1.1
[Tue Dec 02 10:01:09.861642 2025] [core:error] [pid 47512] [client 148.113.214.89:56101] AH00126: Invalid URI in request GET /assets/plugins/daterangepicker/%252e%252e/%252e%252e/%252e%252e/%252e%252e/%252e%252e/%252e%252e/%252e%252e/%252e%252e/%252e%252e/%252e%252e/%252e%252e/%252e%252e/%252e%252e/%252e%252e/%252e%252e/%252e%252e/etc/passwd HTTP/1.1
[Tue Dec 02 10:01:10.674326 2025] [core:error] [pid 46996] [client 148.113.214.89:56171] AH00126: Invalid URI in request GET /assets/bower_components/font-awesome/%252e%252e/%252e%252e/%252e%252e/%252e%252e/%252e%252e/%252e%252e/%252e%252e/%252e%252e/windows/win.ini HTTP/1.1
[Tue Dec 02 10:01:12.218769 2025] [core:error] [pid 47324] [client 148.113.214.89:56063] AH00126: Invalid URI in request GET /1_sources/%252e%252e/%252e%252e/%252e%252e/%252e%252e/%252e%252e/%252e%252e/%252e%252e/%252e%252e/etc/passwd HTTP/1.1
[Tue Dec 02 10:01:12.238603 2025] [core:error] [pid 47508] [client 148.113.214.89:56227] AH00126: Invalid URI in request GET /1_sources/%252e%252e/%252e%252e/%252e%252e/%252e%252e/%252e%252e/%252e%252e/%252e%252e/%252e%252e/%252e%252e/%252e%252e/%252e%252e/%252e%252e/%252e%252e/%252e%252e/%252e%252e/%252e%252e/etc/passwd HTTP/1.1
[Tue Dec 02 10:01:14.524843 2025] [core:error] [pid 47487] [client 148.113.214.89:56353] AH00126: Invalid URI in request GET /assets/plugins/filterizr/%252e%252e/%252e%252e/%252e%252e/%252e%252e/%252e%252e/%252e%252e/%252e%252e/%252e%252e/windows/win.ini HTTP/1.1
[Tue Dec 02 10:01:15.751024 2025] [php7:error] [pid 47464] [client 148.113.214.89:56411] script '/var/www/cgi-bin/JM2vkaf0JEhk.php' not found or unable to stat
[Tue Dec 02 10:01:17.279874 2025] [core:error] [pid 47511] [client 148.113.214.89:56501] AH00126: Invalid URI in request GET /assets/bower_components/bootstrap/%252e%252e/%252e%252e/%252e%252e/%252e%252e/%252e%252e/%252e%252e/%252e%252e/%252e%252e/windows/win.ini HTTP/1.1
[Tue Dec 02 10:01:17.815648 2025] [php7:error] [pid 47513] [client 148.113.214.89:56523] script '/usr/share/httpd/icons/Gnx78vIc4SGf.php' not found or unable to stat
[Tue Dec 02 10:01:18.668295 2025] [php7:error] [pid 47531] [client 148.113.214.89:56576] script '/usr/share/httpd/icons/sPyH98fSB9wo.php' not found or unable to stat
[Tue Dec 02 10:01:19.016905 2025] [core:error] [pid 47324] [client 148.113.214.89:56338] AH00126: Invalid URI in request GET /1_sources/../../Gemfile HTTP/1.1
[Tue Dec 02 10:01:19.967269 2025] [core:error] [pid 47511] [client 148.113.214.89:56581] AH00126: Invalid URI in request GET /1_sources/../../web.config HTTP/1.1
[Tue Dec 02 10:01:21.147947 2025] [core:error] [pid 47315] [client 148.113.214.89:56684] AH00126: Invalid URI in request GET /1_sources/../../package.json HTTP/1.1
[Tue Dec 02 10:01:21.903184 2025] [php7:error] [pid 47464] [client 148.113.214.89:56718] script '/var/www/cgi-bin/sAjdEZ7Z8mmc.php' not found or unable to stat
[Tue Dec 02 10:01:22.089724 2025] [core:error] [pid 46897] [client 148.113.214.89:56699] AH00126: Invalid URI in request GET /1_sources/../../package-lock.json HTTP/1.1
[Tue Dec 02 10:01:26.662285 2025] [core:error] [pid 47567] [client 148.113.214.89:56825] AH00126: Invalid URI in request GET /1_sources/../../../Gemfile HTTP/1.1
[Tue Dec 02 10:01:27.072061 2025] [core:error] [pid 47422] [client 148.113.214.89:56906] AH00126: Invalid URI in request GET /1_sources/../../../web.config HTTP/1.1
[Tue Dec 02 10:01:27.444803 2025] [core:error] [pid 47513] [client 148.113.214.89:56922] AH00126: Invalid URI in request GET /1_sources/../../../package.json HTTP/1.1
[Tue Dec 02 10:01:28.376562 2025] [core:error] [pid 47308] [client 148.113.214.89:56940] AH00126: Invalid URI in request GET /1_sources/../../../package-lock.json HTTP/1.1
[Tue Dec 02 10:01:28.899102 2025] [authz_core:error] [pid 47418] [client 148.113.214.89:56991] AH01630: client denied by server configuration: /var/www/html/apigeo/user_guide/helpers/.htaccess
[Tue Dec 02 10:01:33.651939 2025] [core:error] [pid 47409] [client 148.113.214.89:57180] AH00126: Invalid URI in request GET /1_sources/../../../../Gemfile HTTP/1.1
[Tue Dec 02 10:01:34.224752 2025] [core:error] [pid 47599] [client 148.113.214.89:57177] AH00126: Invalid URI in request GET /1_sources/../../../../web.config HTTP/1.1
[Tue Dec 02 10:01:34.606608 2025] [core:error] [pid 47168] [client 148.113.214.89:57211] AH00126: Invalid URI in request GET /1_sources/../../../../package.json HTTP/1.1
[Tue Dec 02 10:01:35.446188 2025] [core:error] [pid 47599] [client 148.113.214.89:57257] AH00126: Invalid URI in request GET /1_sources/../../../../package-lock.json HTTP/1.1
[Tue Dec 02 10:01:41.388540 2025] [core:error] [pid 47324] [client 148.113.214.89:57405] AH00126: Invalid URI in request GET /1_sources/../../../../../Gemfile HTTP/1.1
[Tue Dec 02 10:01:42.299120 2025] [core:error] [pid 47513] [client 148.113.214.89:57445] AH00126: Invalid URI in request GET /1_sources/../../../../../web.config HTTP/1.1
[Tue Dec 02 10:01:42.687193 2025] [core:error] [pid 47418] [client 148.113.214.89:57530] AH00126: Invalid URI in request GET /1_sources/../../../../../package.json HTTP/1.1
[Tue Dec 02 10:01:43.527097 2025] [core:error] [pid 47511] [client 148.113.214.89:57561] AH00126: Invalid URI in request GET /1_sources/../../../../../package-lock.json HTTP/1.1
[Tue Dec 02 10:01:50.473075 2025] [php7:error] [pid 47415] [client 148.113.214.89:57829] script '/var/www/cgi-bin/h9wacco8pp1h.php' not found or unable to stat, referer: https://apigeo.ima.sc.gov.br/
[Tue Dec 02 10:01:50.794265 2025] [cgi:error] [pid 47415] [client 148.113.214.89:57829] script not found or unable to stat: /var/www/cgi-bin/h9wacco8pp1h.jsp, referer: https://apigeo.ima.sc.gov.br/
[Tue Dec 02 10:01:51.222131 2025] [cgi:error] [pid 47490] [client 148.113.214.89:57887] script not found or unable to stat: /var/www/cgi-bin/h9wacco8pp1h, referer: https://apigeo.ima.sc.gov.br/
[Tue Dec 02 10:01:51.605690 2025] [cgi:error] [pid 47599] [client 148.113.214.89:57649] script not found or unable to stat: /var/www/cgi-bin/h9wacco8pp1h.html, referer: https://apigeo.ima.sc.gov.br/
[Tue Dec 02 10:01:51.786325 2025] [cgi:error] [pid 47599] [client 148.113.214.89:57649] attempt to invoke directory as script: /var/www/cgi-bin/
[Tue Dec 02 10:01:51.926997 2025] [cgi:error] [pid 47490] [client 148.113.214.89:57887] script not found or unable to stat: /var/www/cgi-bin/secrets.json, referer: https://apigeo.ima.sc.gov.br/
[Tue Dec 02 10:01:51.945055 2025] [cgi:error] [pid 47601] [client 148.113.214.89:57871] script not found or unable to stat: /var/www/cgi-bin/app.json, referer: https://apigeo.ima.sc.gov.br/
[Tue Dec 02 10:01:51.966023 2025] [cgi:error] [pid 47599] [client 148.113.214.89:57649] script not found or unable to stat: /var/www/cgi-bin/appsettings.json, referer: https://apigeo.ima.sc.gov.br/
[Tue Dec 02 10:01:52.306268 2025] [cgi:error] [pid 47599] [client 148.113.214.89:57649] script not found or unable to stat: /var/www/cgi-bin/env.json, referer: https://apigeo.ima.sc.gov.br/
[Tue Dec 02 10:01:52.557534 2025] [cgi:error] [pid 47512] [client 148.113.214.89:57926] attempt to invoke directory as script: /var/www/cgi-bin/
[Tue Dec 02 10:01:52.626953 2025] [authz_core:error] [pid 47599] [client 148.113.214.89:57649] AH01630: client denied by server configuration: /var/www/html/apigeo/user_guide/helpers/.htpasswd
[Tue Dec 02 10:01:52.694063 2025] [cgi:error] [pid 47415] [client 148.113.214.89:57950] script not found or unable to stat: /var/www/cgi-bin/config.json, referer: https://apigeo.ima.sc.gov.br/
[Tue Dec 02 10:01:52.786917 2025] [cgi:error] [pid 47601] [client 148.113.214.89:57871] attempt to invoke directory as script: /var/www/cgi-bin/, referer: https://apigeo.ima.sc.gov.br/
[Tue Dec 02 10:01:52.898853 2025] [cgi:error] [pid 47512] [client 148.113.214.89:57926] script not found or unable to stat: /var/www/cgi-bin/config-prod.json, referer: https://apigeo.ima.sc.gov.br/
[Tue Dec 02 10:01:52.946842 2025] [cgi:error] [pid 47601] [client 148.113.214.89:57871] script not found or unable to stat: /var/www/cgi-bin/default.json, referer: https://apigeo.ima.sc.gov.br/
[Tue Dec 02 10:01:52.999869 2025] [cgi:error] [pid 47415] [client 148.113.214.89:57950] attempt to invoke directory as script: /var/www/cgi-bin/
[Tue Dec 02 10:01:53.359693 2025] [cgi:error] [pid 47415] [client 148.113.214.89:57950] script not found or unable to stat: /var/www/cgi-bin/Qnwyvkfy.txt
[Tue Dec 02 10:01:53.446325 2025] [cgi:error] [pid 47567] [client 148.113.214.89:57942] script not found or unable to stat: /var/www/cgi-bin/settings.json, referer: https://apigeo.ima.sc.gov.br/
[Tue Dec 02 10:01:53.467133 2025] [cgi:error] [pid 47601] [client 148.113.214.89:57871] script not found or unable to stat: /var/www/cgi-bin/now.json, referer: https://apigeo.ima.sc.gov.br/
[Tue Dec 02 10:01:53.715195 2025] [cgi:error] [pid 47599] [client 148.113.214.89:57649] script not found or unable to stat: /var/www/cgi-bin/v1, referer: https://apigeo.ima.sc.gov.br/
[Tue Dec 02 10:01:53.793499 2025] [cgi:error] [pid 47567] [client 148.113.214.89:57942] script not found or unable to stat: /var/www/cgi-bin/swagger, referer: https://apigeo.ima.sc.gov.br/
[Tue Dec 02 10:01:53.814210 2025] [cgi:error] [pid 47601] [client 148.113.214.89:57871] script not found or unable to stat: /var/www/cgi-bin/swagger, referer: https://apigeo.ima.sc.gov.br/
[Tue Dec 02 10:01:53.847027 2025] [cgi:error] [pid 47415] [client 148.113.214.89:57950] script not found or unable to stat: /var/www/cgi-bin/api, referer: https://apigeo.ima.sc.gov.br/
[Tue Dec 02 10:01:53.852215 2025] [cgi:error] [pid 47513] [client 148.113.214.89:58008] attempt to invoke directory as script: /var/www/cgi-bin/
[Tue Dec 02 10:01:53.878392 2025] [cgi:error] [pid 47599] [client 148.113.214.89:57649] script not found or unable to stat: /var/www/cgi-bin/api, referer: https://apigeo.ima.sc.gov.br/
[Tue Dec 02 10:01:53.955648 2025] [cgi:error] [pid 47567] [client 148.113.214.89:57942] script not found or unable to stat: /var/www/cgi-bin/api, referer: https://apigeo.ima.sc.gov.br/
[Tue Dec 02 10:01:53.976331 2025] [cgi:error] [pid 47601] [client 148.113.214.89:57871] script not found or unable to stat: /var/www/cgi-bin/api, referer: https://apigeo.ima.sc.gov.br/
[Tue Dec 02 10:01:54.009103 2025] [cgi:error] [pid 47415] [client 148.113.214.89:57950] script not found or unable to stat: /var/www/cgi-bin/api, referer: https://apigeo.ima.sc.gov.br/
[Tue Dec 02 10:01:54.029862 2025] [cgi:error] [pid 47513] [client 148.113.214.89:58008] script not found or unable to stat: /var/www/cgi-bin/api-docs, referer: https://apigeo.ima.sc.gov.br/
[Tue Dec 02 10:01:54.057315 2025] [cgi:error] [pid 47599] [client 148.113.214.89:57649] script not found or unable to stat: /var/www/cgi-bin/apidocs, referer: https://apigeo.ima.sc.gov.br/
[Tue Dec 02 10:01:54.116836 2025] [cgi:error] [pid 47567] [client 148.113.214.89:57942] script not found or unable to stat: /var/www/cgi-bin/api, referer: https://apigeo.ima.sc.gov.br/
[Tue Dec 02 10:01:54.136466 2025] [cgi:error] [pid 47601] [client 148.113.214.89:57871] script not found or unable to stat: /var/www/cgi-bin/swagger-ui, referer: https://apigeo.ima.sc.gov.br/
[Tue Dec 02 10:01:54.189990 2025] [cgi:error] [pid 47513] [client 148.113.214.89:58008] script not found or unable to stat: /var/www/cgi-bin/nodemon.json, referer: https://apigeo.ima.sc.gov.br/
[Tue Dec 02 10:01:54.329844 2025] [cgi:error] [pid 47415] [client 148.113.214.89:57950] script not found or unable to stat: /var/www/cgi-bin/logs
[Tue Dec 02 10:01:54.397820 2025] [cgi:error] [pid 47599] [client 148.113.214.89:57649] script not found or unable to stat: /var/www/cgi-bin/v2, referer: https://apigeo.ima.sc.gov.br/
[Tue Dec 02 10:01:54.456921 2025] [cgi:error] [pid 47567] [client 148.113.214.89:57942] script not found or unable to stat: /var/www/cgi-bin/swagger.json, referer: https://apigeo.ima.sc.gov.br/
[Tue Dec 02 10:01:54.489538 2025] [cgi:error] [pid 47415] [client 148.113.214.89:57950] script not found or unable to stat: /var/www/cgi-bin/api, referer: https://apigeo.ima.sc.gov.br/
[Tue Dec 02 10:01:54.510110 2025] [cgi:error] [pid 47513] [client 148.113.214.89:58008] script not found or unable to stat: /var/www/cgi-bin/api, referer: https://apigeo.ima.sc.gov.br/
[Tue Dec 02 10:01:54.558006 2025] [cgi:error] [pid 47599] [client 148.113.214.89:57649] script not found or unable to stat: /var/www/cgi-bin/api, referer: https://apigeo.ima.sc.gov.br/
[Tue Dec 02 10:01:54.617108 2025] [cgi:error] [pid 47567] [client 148.113.214.89:57942] attempt to invoke directory as script: /var/www/cgi-bin/
[Tue Dec 02 10:01:54.649619 2025] [cgi:error] [pid 47415] [client 148.113.214.89:57950] script not found or unable to stat: /var/www/cgi-bin/api, referer: https://apigeo.ima.sc.gov.br/
[Tue Dec 02 10:01:54.670444 2025] [cgi:error] [pid 47513] [client 148.113.214.89:58008] script not found or unable to stat: /var/www/cgi-bin/api, referer: https://apigeo.ima.sc.gov.br/
[Tue Dec 02 10:01:54.891466 2025] [cgi:error] [pid 47507] [client 148.113.214.89:58054] script not found or unable to stat: /var/www/cgi-bin/swagger.yaml, referer: https://apigeo.ima.sc.gov.br/
[Tue Dec 02 10:01:54.990591 2025] [cgi:error] [pid 47513] [client 148.113.214.89:58008] script not found or unable to stat: /var/www/cgi-bin/node_modules
[Tue Dec 02 10:01:55.048222 2025] [cgi:error] [pid 47507] [client 148.113.214.89:58054] script not found or unable to stat: /var/www/cgi-bin/static, referer: https://apigeo.ima.sc.gov.br/
[Tue Dec 02 10:01:55.078145 2025] [cgi:error] [pid 47599] [client 148.113.214.89:57649] script not found or unable to stat: /var/www/cgi-bin/static, referer: https://apigeo.ima.sc.gov.br/
[Tue Dec 02 10:01:55.129968 2025] [cgi:error] [pid 47415] [client 148.113.214.89:57950] script not found or unable to stat: /var/www/cgi-bin/swagger-ui, referer: https://apigeo.ima.sc.gov.br/
[Tue Dec 02 10:01:55.192049 2025] [cgi:error] [pid 47507] [client 148.113.214.89:58054] attempt to invoke directory as script: /var/www/cgi-bin/
[Tue Dec 02 10:01:55.273049 2025] [cgi:error] [pid 47415] [client 148.113.214.89:57950] script not found or unable to stat: /var/www/cgi-bin/v2, referer: https://apigeo.ima.sc.gov.br/
[Tue Dec 02 10:01:55.433100 2025] [cgi:error] [pid 47415] [client 148.113.214.89:57950] script not found or unable to stat: /var/www/cgi-bin/api, referer: https://apigeo.ima.sc.gov.br/
[Tue Dec 02 10:01:55.514048 2025] [cgi:error] [pid 47513] [client 148.113.214.89:58008] script not found or unable to stat: /var/www/cgi-bin/api, referer: https://apigeo.ima.sc.gov.br/
[Tue Dec 02 10:01:55.540940 2025] [cgi:error] [pid 47567] [client 148.113.214.89:57942] attempt to invoke directory as script: /var/www/cgi-bin/
[Tue Dec 02 10:01:55.552952 2025] [cgi:error] [pid 47507] [client 148.113.214.89:58054] script not found or unable to stat: /var/www/cgi-bin/package.json
[Tue Dec 02 10:01:55.593109 2025] [core:error] [pid 47415] [client 148.113.214.89:57950] AH00126: Invalid URI in request GET /cgi-bin/../../../../../../../../z/../../../../../../../../../etc/shells HTTP/1.1
[Tue Dec 02 10:01:55.621642 2025] [cgi:error] [pid 47599] [client 148.113.214.89:57649] script not found or unable to stat: /var/www/cgi-bin/v1, referer: https://apigeo.ima.sc.gov.br/
[Tue Dec 02 10:01:55.711856 2025] [cgi:error] [pid 47507] [client 148.113.214.89:58054] script not found or unable to stat: /var/www/cgi-bin/npm-debug.log
[Tue Dec 02 10:01:55.994565 2025] [cgi:error] [pid 47513] [client 148.113.214.89:58008] script not found or unable to stat: /var/www/cgi-bin/swagger, referer: https://apigeo.ima.sc.gov.br/
[Tue Dec 02 10:01:56.032172 2025] [cgi:error] [pid 47507] [client 148.113.214.89:58054] script not found or unable to stat: /var/www/cgi-bin/package-lock.json
[Tue Dec 02 10:01:56.080961 2025] [cgi:error] [pid 47567] [client 148.113.214.89:57942] script not found or unable to stat: /var/www/cgi-bin/manage.py
[Tue Dec 02 10:01:56.121939 2025] [cgi:error] [pid 47599] [client 148.113.214.89:57649] script not found or unable to stat: /var/www/cgi-bin/api-docs, referer: https://apigeo.ima.sc.gov.br/
[Tue Dec 02 10:01:56.282108 2025] [cgi:error] [pid 47599] [client 148.113.214.89:57649] script not found or unable to stat: /var/www/cgi-bin/swagger, referer: https://apigeo.ima.sc.gov.br/
[Tue Dec 02 10:01:56.352258 2025] [cgi:error] [pid 47507] [client 148.113.214.89:58054] script not found or unable to stat: /var/www/cgi-bin/api, referer: https://apigeo.ima.sc.gov.br/
[Tue Dec 02 10:01:56.708513 2025] [cgi:error] [pid 47569] [client 148.113.214.89:58100] script not found or unable to stat: /var/www/cgi-bin/api, referer: https://apigeo.ima.sc.gov.br/
[Tue Dec 02 10:01:56.750588 2025] [cgi:error] [pid 47511] [client 148.113.214.89:58119] script not found or unable to stat: /var/www/cgi-bin/.php_cs.cache
[Tue Dec 02 10:01:56.776415 2025] [cgi:error] [pid 47567] [client 148.113.214.89:57942] script not found or unable to stat: /var/www/cgi-bin/app
[Tue Dec 02 10:01:57.028273 2025] [cgi:error] [pid 47569] [client 148.113.214.89:58100] script not found or unable to stat: /var/www/cgi-bin/..;
[Tue Dec 02 10:01:57.068716 2025] [cgi:error] [pid 47511] [client 148.113.214.89:58119] script not found or unable to stat: /var/www/cgi-bin/scripts
[Tue Dec 02 10:01:57.190105 2025] [cgi:error] [pid 47569] [client 148.113.214.89:58100] script not found or unable to stat: /var/www/cgi-bin/controllers
[Tue Dec 02 10:01:57.459053 2025] [cgi:error] [pid 47567] [client 148.113.214.89:57942] attempt to invoke directory as script: /var/www/cgi-bin/
[Tue Dec 02 10:01:57.469983 2025] [cgi:error] [pid 47507] [client 148.113.214.89:58054] script not found or unable to stat: /var/www/cgi-bin/api, referer: https://apigeo.ima.sc.gov.br/
[Tue Dec 02 10:01:57.511076 2025] [cgi:error] [pid 47569] [client 148.113.214.89:58100] script not found or unable to stat: /var/www/cgi-bin/apidocs, referer: https://apigeo.ima.sc.gov.br/
[Tue Dec 02 10:01:57.671324 2025] [cgi:error] [pid 47569] [client 148.113.214.89:58100] attempt to invoke directory as script: /var/www/cgi-bin/
[Tue Dec 02 10:01:57.943399 2025] [cgi:error] [pid 47566] [client 148.113.214.89:58133] attempt to invoke directory as script: /var/www/cgi-bin/
[Tue Dec 02 10:01:58.344833 2025] [cgi:error] [pid 47567] [client 148.113.214.89:57942] attempt to invoke directory as script: /var/www/cgi-bin/
[Tue Dec 02 10:01:58.377741 2025] [cgi:error] [pid 47513] [client 148.113.214.89:58171] script not found or unable to stat: /var/www/cgi-bin/app.rb
[Tue Dec 02 10:01:58.465871 2025] [cgi:error] [pid 47566] [client 148.113.214.89:58133] attempt to invoke directory as script: /var/www/cgi-bin/
[Tue Dec 02 10:01:58.762493 2025] [cgi:error] [pid 47568] [client 148.113.214.89:58186] script not found or unable to stat: /var/www/cgi-bin/setup.py
[Tue Dec 02 10:01:58.807258 2025] [cgi:error] [pid 47566] [client 148.113.214.89:58133] attempt to invoke directory as script: /var/www/cgi-bin/
[Tue Dec 02 10:01:58.879044 2025] [cgi:error] [pid 47569] [client 148.113.214.89:58100] attempt to invoke directory as script: /var/www/cgi-bin/
[Tue Dec 02 10:01:59.029034 2025] [cgi:error] [pid 47569] [client 148.113.214.89:58100] attempt to invoke directory as script: /var/www/cgi-bin/
[Tue Dec 02 10:01:59.277015 2025] [cgi:error] [pid 47568] [client 148.113.214.89:58186] attempt to invoke directory as script: /var/www/cgi-bin/, referer: https://apigeo.ima.sc.gov.br/
[Tue Dec 02 10:01:59.433441 2025] [core:error] [pid 47513] (36)File name too long: [client 148.113.214.89:58171] AH00036: access to /icons/AAAAAAAAAAAAAAAAAAAAAAAAAAAAAAAAAAAAAAAAAAAAAAAAAAAAAAAAAAAAAAAAAAAAAAAAAAAAAAAAAAAAAAAAAAAAAAAAAAAAAAAAAAAAAAAAAAAAAAAAAAAAAAAAAAAAAAAAAAAAAAAAAAAAAAAAAAAAAAAAAAAAAAAAAAAAAAAAAAAAAAAAAAAAAAAAAAAAAAAAAAAAAAAAAAAAAAAAAAAAAAAAAAAAAAAAAAAAAAAAAAAAAAAAAAAAAAAAAAAAAAAAAAAAAAAAAAAAAAAAAAAAAAAAAAAAAAAAAAAA failed (filesystem path '/usr/share/httpd/icons/AAAAAAAAAAAAAAAAAAAAAAAAAAAAAAAAAAAAAAAAAAAAAAAAAAAAAAAAAAAAAAAAAAAAAAAAAAAAAAAAAAAAAAAAAAAAAAAAAAAAAAAAAAAAAAAAAAAAAAAAAAAAAAAAAAAAAAAAAAAAAAAAAAAAAAAAAAAAAAAAAAAAAAAAAAAAAAAAAAAAAAAAAAAAAAAAAAAAAAAAAAAAAAAAAAAAAAAAAAAAAAAAAAAAAAAAAAAAAAAAAAAAAAAAAAAAAAAAAAAAAAAAAAAAAAAAAAAAAAAAAAAAAAAAAAAAAAAAAAAA')
[Tue Dec 02 10:01:59.456736 2025] [cgi:error] [pid 47568] [client 148.113.214.89:58186] attempt to invoke directory as script: /var/www/cgi-bin/
[Tue Dec 02 10:01:59.673646 2025] [cgi:error] [pid 47569] [client 148.113.214.89:58100] script not found or unable to stat: /var/www/cgi-bin/config.py
[Tue Dec 02 10:01:59.966609 2025] [cgi:error] [pid 47513] [client 148.113.214.89:58171] script not found or unable to stat: /var/www/cgi-bin/;987265@, referer: https://apigeo.ima.sc.gov.br/
[Tue Dec 02 10:01:59.987092 2025] [authz_core:error] [pid 47569] [client 148.113.214.89:58100] AH01630: client denied by server configuration: /var/www/html/apigeo/user_guide/_downloads/.htaccess~
[Tue Dec 02 10:02:00.128910 2025] [core:error] [pid 47513] (36)File name too long: [client 148.113.214.89:58171] AH00036: access to /icons/AAAAAAAAAAAAAAAAAAAAAAAAAAAAAAAAAAAAAAAAAAAAAAAAAAAAAAAAAAAAAAAAAAAAAAAAAAAAAAAAAAAAAAAAAAAAAAAAAAAAAAAAAAAAAAAAAAAAAAAAAAAAAAAAAAAAAAAAAAAAAAAAAAAAAAAAAAAAAAAAAAAAAAAAAAAAAAAAAAAAAAAAAAAAAAAAAAAAAAAAAAAAAAAAAAAAAAAAAAAAAAAAAAAAAAAAAAAAAAAAAAAAAAAAAAAAAAAAAAAAAAAAAAAAAAAAAAAAAAAAAAAAAAAAAAAAAAAAAAAA failed (filesystem path '/usr/share/httpd/icons/AAAAAAAAAAAAAAAAAAAAAAAAAAAAAAAAAAAAAAAAAAAAAAAAAAAAAAAAAAAAAAAAAAAAAAAAAAAAAAAAAAAAAAAAAAAAAAAAAAAAAAAAAAAAAAAAAAAAAAAAAAAAAAAAAAAAAAAAAAAAAAAAAAAAAAAAAAAAAAAAAAAAAAAAAAAAAAAAAAAAAAAAAAAAAAAAAAAAAAAAAAAAAAAAAAAAAAAAAAAAAAAAAAAAAAAAAAAAAAAAAAAAAAAAAAAAAAAAAAAAAAAAAAAAAAAAAAAAAAAAAAAAAAAAAAAAAAAAAAAA')
[Tue Dec 02 10:02:00.337079 2025] [cgi:error] [pid 47567] [client 148.113.214.89:57942] script not found or unable to stat: /var/www/cgi-bin/run.py
[Tue Dec 02 10:02:00.351085 2025] [cgi:error] [pid 47569] [client 148.113.214.89:58100] script not found or unable to stat: /var/www/cgi-bin/"975522@, referer: https://apigeo.ima.sc.gov.br/
[Tue Dec 02 10:02:00.690151 2025] [cgi:error] [pid 47566] [client 148.113.214.89:58275] attempt to invoke directory as script: /var/www/cgi-bin/
[Tue Dec 02 10:02:00.838993 2025] [authz_core:error] [pid 47567] [client 148.113.214.89:57942] AH01630: client denied by server configuration: /var/www/html/apigeo/user_guide/_downloads/.htaccess.old
[Tue Dec 02 10:02:00.999770 2025] [cgi:error] [pid 47567] [client 148.113.214.89:57942] script not found or unable to stat: /var/www/cgi-bin/actuator
[Tue Dec 02 10:02:01.152077 2025] [core:error] [pid 47566] (36)File name too long: [client 148.113.214.89:58275] AH00036: access to /icons/AAAAAAAAAAAAAAAAAAAAAAAAAAAAAAAAAAAAAAAAAAAAAAAAAAAAAAAAAAAAAAAAAAAAAAAAAAAAAAAAAAAAAAAAAAAAAAAAAAAAAAAAAAAAAAAAAAAAAAAAAAAAAAAAAAAAAAAAAAAAAAAAAAAAAAAAAAAAAAAAAAAAAAAAAAAAAAAAAAAAAAAAAAAAAAAAAAAAAAAAAAAAAAAAAAAAAAAAAAAAAAAAAAAAAAAAAAAAAAAAAAAAAAAAAAAAAAAAAAAAAAAAAAAAAAAAAAAAAAAAAAAAAAAAAAAAAAAAAAAA failed (filesystem path '/usr/share/httpd/icons/AAAAAAAAAAAAAAAAAAAAAAAAAAAAAAAAAAAAAAAAAAAAAAAAAAAAAAAAAAAAAAAAAAAAAAAAAAAAAAAAAAAAAAAAAAAAAAAAAAAAAAAAAAAAAAAAAAAAAAAAAAAAAAAAAAAAAAAAAAAAAAAAAAAAAAAAAAAAAAAAAAAAAAAAAAAAAAAAAAAAAAAAAAAAAAAAAAAAAAAAAAAAAAAAAAAAAAAAAAAAAAAAAAAAAAAAAAAAAAAAAAAAAAAAAAAAAAAAAAAAAAAAAAAAAAAAAAAAAAAAAAAAAAAAAAAAAAAAAAAA'), referer: https://apigeo.ima.sc.gov.br/upload/error.log
[Tue Dec 02 10:02:01.731670 2025] [cgi:error] [pid 47513] [client 148.113.214.89:58171] script not found or unable to stat: /var/www/cgi-bin/settings.py
[Tue Dec 02 10:02:01.832907 2025] [authz_core:error] [pid 47566] [client 148.113.214.89:58275] AH01630: client denied by server configuration: /var/www/html/apigeo/user_guide/_downloads/.htaccess.save
[Tue Dec 02 10:02:02.052235 2025] [cgi:error] [pid 47513] [client 148.113.214.89:58171] attempt to invoke directory as script: /var/www/cgi-bin/, referer: https://apigeo.ima.sc.gov.br/upload/error.log
[Tue Dec 02 10:02:02.695648 2025] [cgi:error] [pid 47513] [client 148.113.214.89:58171] script not found or unable to stat: /var/www/cgi-bin/app.py
[Tue Dec 02 10:02:03.679265 2025] [cgi:error] [pid 47532] [client 148.113.214.89:58378] attempt to invoke directory as script: /var/www/cgi-bin/
[Tue Dec 02 10:02:03.960555 2025] [cgi:error] [pid 47566] [client 148.113.214.89:58275] attempt to invoke directory as script: /var/www/cgi-bin/
[Tue Dec 02 10:02:04.339614 2025] [cgi:error] [pid 47566] [client 148.113.214.89:58275] script not found or unable to stat: /var/www/cgi-bin/etc
[Tue Dec 02 10:02:04.661346 2025] [core:error] [pid 47566] (36)File name too long: [client 148.113.214.89:58275] AH00036: access to /assets/plugins/daterangepicker/website/AAAAAAAAAAAAAAAAAAAAAAAAAAAAAAAAAAAAAAAAAAAAAAAAAAAAAAAAAAAAAAAAAAAAAAAAAAAAAAAAAAAAAAAAAAAAAAAAAAAAAAAAAAAAAAAAAAAAAAAAAAAAAAAAAAAAAAAAAAAAAAAAAAAAAAAAAAAAAAAAAAAAAAAAAAAAAAAAAAAAAAAAAAAAAAAAAAAAAAAAAAAAAAAAAAAAAAAAAAAAAAAAAAAAAAAAAAAAAAAAAAAAAAAAAAAAAAAAAAAAAAAAAAAAAAAAAAAAAAAAAAAAAAAAAAAAAAAAAAAA failed (filesystem path '/var/www/html/apigeo/assets/plugins/daterangepicker/website/AAAAAAAAAAAAAAAAAAAAAAAAAAAAAAAAAAAAAAAAAAAAAAAAAAAAAAAAAAAAAAAAAAAAAAAAAAAAAAAAAAAAAAAAAAAAAAAAAAAAAAAAAAAAAAAAAAAAAAAAAAAAAAAAAAAAAAAAAAAAAAAAAAAAAAAAAAAAAAAAAAAAAAAAAAAAAAAAAAAAAAAAAAAAAAAAAAAAAAAAAAAAAAAAAAAAAAAAAAAAAAAAAAAAAAAAAAAAAAAAAAAAAAAAAAAAAAAAAAAAAAAAAAAAAAAAAAAAAAAAAAAAAAAAAAAAAAAAAAAA')
[Tue Dec 02 10:02:04.672389 2025] [core:error] [pid 47531] (36)File name too long: [client 148.113.214.89:58413] AH00036: access to /icons/AAAAAAAAAAAAAAAAAAAAAAAAAAAAAAAAAAAAAAAAAAAAAAAAAAAAAAAAAAAAAAAAAAAAAAAAAAAAAAAAAAAAAAAAAAAAAAAAAAAAAAAAAAAAAAAAAAAAAAAAAAAAAAAAAAAAAAAAAAAAAAAAAAAAAAAAAAAAAAAAAAAAAAAAAAAAAAAAAAAAAAAAAAAAAAAAAAAAAAAAAAAAAAAAAAAAAAAAAAAAAAAAAAAAAAAAAAAAAAAAAAAAAAAAAAAAAAAAAAAAAAAAAAAAAAAAAAAAAAAAAAAAAAAAAAAAAAAAAAAA failed (filesystem path '/usr/share/httpd/icons/AAAAAAAAAAAAAAAAAAAAAAAAAAAAAAAAAAAAAAAAAAAAAAAAAAAAAAAAAAAAAAAAAAAAAAAAAAAAAAAAAAAAAAAAAAAAAAAAAAAAAAAAAAAAAAAAAAAAAAAAAAAAAAAAAAAAAAAAAAAAAAAAAAAAAAAAAAAAAAAAAAAAAAAAAAAAAAAAAAAAAAAAAAAAAAAAAAAAAAAAAAAAAAAAAAAAAAAAAAAAAAAAAAAAAAAAAAAAAAAAAAAAAAAAAAAAAAAAAAAAAAAAAAAAAAAAAAAAAAAAAAAAAAAAAAAAAAAAAAAA')
[Tue Dec 02 10:02:05.030137 2025] [core:error] [pid 47531] [client 148.113.214.89:58413] AH00126: Invalid URI in request GET /cgi-bin/../../../../../../../../etc/passwd HTTP/1.1
[Tue Dec 02 10:02:05.039352 2025] [cgi:error] [pid 47532] [client 148.113.214.89:58378] attempt to invoke directory as script: /var/www/cgi-bin/
[Tue Dec 02 10:02:05.993974 2025] [cgi:error] [pid 47234] [client 148.113.214.89:58454] script not found or unable to stat: /var/www/cgi-bin/etc
[Tue Dec 02 10:02:06.615354 2025] [core:error] [pid 47513] [client 148.113.214.89:58426] AH00126: Invalid URI in request GET /cgi-bin/../../../../../../../../windows/win.ini HTTP/1.1
[Tue Dec 02 10:02:07.022804 2025] [cgi:error] [pid 46670] [client 148.113.214.89:58485] script not found or unable to stat: /var/www/cgi-bin/..\\..\\..\\..\\..\\..\\..\\..\\etc
[Tue Dec 02 10:02:07.404900 2025] [cgi:error] [pid 47415] [client 148.113.214.89:58525] script not found or unable to stat: /var/www/cgi-bin/..\\..\\..\\..\\..\\..\\..\\..\\windows
[Tue Dec 02 10:02:07.805451 2025] [cgi:error] [pid 47532] [client 148.113.214.89:58521] script not found or unable to stat: /var/www/cgi-bin/....
[Tue Dec 02 10:02:08.185561 2025] [core:error] [pid 46670] [client 148.113.214.89:58485] AH00126: Invalid URI in request GET /cgi-bin/../../../../../../../../boot.ini HTTP/1.1
[Tue Dec 02 10:02:13.126129 2025] [authz_core:error] [pid 47532] [client 148.113.214.89:58746] AH01630: client denied by server configuration: /var/www/html/apigeo/assets/plugins/daterangepicker/.htaccess
[Tue Dec 02 10:02:13.355206 2025] [cgi:error] [pid 47601] [client 148.113.214.89:58660] script not found or unable to stat: /var/www/cgi-bin/.%2e
[Tue Dec 02 10:02:14.006102 2025] [cgi:error] [pid 47569] [client 148.113.214.89:58747] script not found or unable to stat: /var/www/cgi-bin/.%2e
[Tue Dec 02 10:02:14.348162 2025] [authz_core:error] [pid 47532] [client 148.113.214.89:58805] AH01630: client denied by server configuration: /var/www/html/apigeo/user_guide/installation/.htpasswd
[Tue Dec 02 10:02:16.110406 2025] [core:error] [pid 47569] [client 148.113.214.89:58846] AH00126: Invalid URI in request GET /cgi-bin/%2e%2e/%2e%2e/%2e%2e/%2e%2e/%2e%2e/%2e%2e/%2e%2e/%2e%2e/etc/passwd HTTP/1.1
[Tue Dec 02 10:02:17.472272 2025] [core:error] [pid 47566] [client 148.113.214.89:58812] AH00126: Invalid URI in request GET /cgi-bin/%2e%2e/%2e%2e/%2e%2e/%2e%2e/%2e%2e/%2e%2e/%2e%2e/%2e%2e/windows/win.ini HTTP/1.1
[Tue Dec 02 10:02:19.944380 2025] [core:error] [pid 47566] (36)File name too long: [client 148.113.214.89:58983] AH00036: access to /assets/plugins/daterangepicker/website/AAAAAAAAAAAAAAAAAAAAAAAAAAAAAAAAAAAAAAAAAAAAAAAAAAAAAAAAAAAAAAAAAAAAAAAAAAAAAAAAAAAAAAAAAAAAAAAAAAAAAAAAAAAAAAAAAAAAAAAAAAAAAAAAAAAAAAAAAAAAAAAAAAAAAAAAAAAAAAAAAAAAAAAAAAAAAAAAAAAAAAAAAAAAAAAAAAAAAAAAAAAAAAAAAAAAAAAAAAAAAAAAAAAAAAAAAAAAAAAAAAAAAAAAAAAAAAAAAAAAAAAAAAAAAAAAAAAAAAAAAAAAAAAAAAAAAAAAAAAA failed (filesystem path '/var/www/html/apigeo/assets/plugins/daterangepicker/website/AAAAAAAAAAAAAAAAAAAAAAAAAAAAAAAAAAAAAAAAAAAAAAAAAAAAAAAAAAAAAAAAAAAAAAAAAAAAAAAAAAAAAAAAAAAAAAAAAAAAAAAAAAAAAAAAAAAAAAAAAAAAAAAAAAAAAAAAAAAAAAAAAAAAAAAAAAAAAAAAAAAAAAAAAAAAAAAAAAAAAAAAAAAAAAAAAAAAAAAAAAAAAAAAAAAAAAAAAAAAAAAAAAAAAAAAAAAAAAAAAAAAAAAAAAAAAAAAAAAAAAAAAAAAAAAAAAAAAAAAAAAAAAAAAAAAAAAAAAAA'), referer: https://apigeo.ima.sc.gov.br/upload/error.log
[Tue Dec 02 10:02:20.215157 2025] [cgi:error] [pid 47532] [client 148.113.214.89:58847] script not found or unable to stat: /var/www/cgi-bin/..%2f..%2f..%2f..%2f..%2f..%2f..%2f..%2fetc
[Tue Dec 02 10:02:20.234076 2025] [core:error] [pid 47531] (36)File name too long: [client 148.113.214.89:58904] AH00036: access to /icons/AAAAAAAAAAAAAAAAAAAAAAAAAAAAAAAAAAAAAAAAAAAAAAAAAAAAAAAAAAAAAAAAAAAAAAAAAAAAAAAAAAAAAAAAAAAAAAAAAAAAAAAAAAAAAAAAAAAAAAAAAAAAAAAAAAAAAAAAAAAAAAAAAAAAAAAAAAAAAAAAAAAAAAAAAAAAAAAAAAAAAAAAAAAAAAAAAAAAAAAAAAAAAAAAAAAAAAAAAAAAAAAAAAAAAAAAAAAAAAAAAAAAAAAAAAAAAAAAAAAAAAAAAAAAAAAAAAAAAAAAAAAAAAAAAAAAAAAAAAAA/991693@ failed (filesystem path '/usr/share/httpd/icons/AAAAAAAAAAAAAAAAAAAAAAAAAAAAAAAAAAAAAAAAAAAAAAAAAAAAAAAAAAAAAAAAAAAAAAAAAAAAAAAAAAAAAAAAAAAAAAAAAAAAAAAAAAAAAAAAAAAAAAAAAAAAAAAAAAAAAAAAAAAAAAAAAAAAAAAAAAAAAAAAAAAAAAAAAAAAAAAAAAAAAAAAAAAAAAAAAAAAAAAAAAAAAAAAAAAAAAAAAAAAAAAAAAAAAAAAAAAAAAAAAAAAAAAAAAAAAAAAAAAAAAAAAAAAAAAAAAAAAAAAAAAAAAAAAAAAAAAAAAAA'), referer: https://apigeo.ima.sc.gov.br/
[Tue Dec 02 10:02:20.574392 2025] [cgi:error] [pid 47531] [client 148.113.214.89:58904] script not found or unable to stat: /var/www/cgi-bin/..%2f..%2f..%2f..%2f..%2f..%2f..%2f..%2fwindows
[Tue Dec 02 10:02:21.276090 2025] [authz_core:error] [pid 47599] [client 148.113.214.89:58873] AH01630: client denied by server configuration: /var/www/html/apigeo/user_guide/helpers/.htaccess~
[Tue Dec 02 10:02:21.706230 2025] [authz_core:error] [pid 47532] [client 148.113.214.89:58847] AH01630: client denied by server configuration: /var/www/html/apigeo/user_guide/helpers/.htaccess.old
[Tue Dec 02 10:02:22.068231 2025] [authz_core:error] [pid 46670] [client 148.113.214.89:59099] AH01630: client denied by server configuration: /var/www/html/apigeo/user_guide/helpers/.htaccess.save
[Tue Dec 02 10:02:22.704511 2025] [cgi:error] [pid 47512] [client 148.113.214.89:59131] script not found or unable to stat: /var/www/cgi-bin/..%2f..%2f..%2f..%2f..%2f..%2f..%2f..%2fboot.ini
[Tue Dec 02 10:02:22.755619 2025] [core:error] [pid 46670] (36)File name too long: [client 148.113.214.89:59099] AH00036: access to /assets/plugins/daterangepicker/website/AAAAAAAAAAAAAAAAAAAAAAAAAAAAAAAAAAAAAAAAAAAAAAAAAAAAAAAAAAAAAAAAAAAAAAAAAAAAAAAAAAAAAAAAAAAAAAAAAAAAAAAAAAAAAAAAAAAAAAAAAAAAAAAAAAAAAAAAAAAAAAAAAAAAAAAAAAAAAAAAAAAAAAAAAAAAAAAAAAAAAAAAAAAAAAAAAAAAAAAAAAAAAAAAAAAAAAAAAAAAAAAAAAAAAAAAAAAAAAAAAAAAAAAAAAAAAAAAAAAAAAAAAAAAAAAAAAAAAAAAAAAAAAAAAAAAAAAAAAAA failed (filesystem path '/var/www/html/apigeo/assets/plugins/daterangepicker/website/AAAAAAAAAAAAAAAAAAAAAAAAAAAAAAAAAAAAAAAAAAAAAAAAAAAAAAAAAAAAAAAAAAAAAAAAAAAAAAAAAAAAAAAAAAAAAAAAAAAAAAAAAAAAAAAAAAAAAAAAAAAAAAAAAAAAAAAAAAAAAAAAAAAAAAAAAAAAAAAAAAAAAAAAAAAAAAAAAAAAAAAAAAAAAAAAAAAAAAAAAAAAAAAAAAAAAAAAAAAAAAAAAAAAAAAAAAAAAAAAAAAAAAAAAAAAAAAAAAAAAAAAAAAAAAAAAAAAAAAAAAAAAAAAAAAAAAAAAAAA')
[Tue Dec 02 10:02:23.051543 2025] [core:error] [pid 47599] (36)File name too long: [client 148.113.214.89:58873] AH00036: access to /assets/plugins/daterangepicker/website/AAAAAAAAAAAAAAAAAAAAAAAAAAAAAAAAAAAAAAAAAAAAAAAAAAAAAAAAAAAAAAAAAAAAAAAAAAAAAAAAAAAAAAAAAAAAAAAAAAAAAAAAAAAAAAAAAAAAAAAAAAAAAAAAAAAAAAAAAAAAAAAAAAAAAAAAAAAAAAAAAAAAAAAAAAAAAAAAAAAAAAAAAAAAAAAAAAAAAAAAAAAAAAAAAAAAAAAAAAAAAAAAAAAAAAAAAAAAAAAAAAAAAAAAAAAAAAAAAAAAAAAAAAAAAAAAAAAAAAAAAAAAAAAAAAAAAAAAAAAA/927723@ failed (filesystem path '/var/www/html/apigeo/assets/plugins/daterangepicker/website/AAAAAAAAAAAAAAAAAAAAAAAAAAAAAAAAAAAAAAAAAAAAAAAAAAAAAAAAAAAAAAAAAAAAAAAAAAAAAAAAAAAAAAAAAAAAAAAAAAAAAAAAAAAAAAAAAAAAAAAAAAAAAAAAAAAAAAAAAAAAAAAAAAAAAAAAAAAAAAAAAAAAAAAAAAAAAAAAAAAAAAAAAAAAAAAAAAAAAAAAAAAAAAAAAAAAAAAAAAAAAAAAAAAAAAAAAAAAAAAAAAAAAAAAAAAAAAAAAAAAAAAAAAAAAAAAAAAAAAAAAAAAAAAAAAAAAAAAAAAA'), referer: https://apigeo.ima.sc.gov.br/
[Tue Dec 02 10:02:23.735305 2025] [cgi:error] [pid 47332] [client 148.113.214.89:59161] script not found or unable to stat: /var/www/cgi-bin/%2e%2e
[Tue Dec 02 10:02:24.778920 2025] [cgi:error] [pid 47601] [client 148.113.214.89:59213] script not found or unable to stat: /var/www/cgi-bin/%2e%2e
[Tue Dec 02 10:02:25.159797 2025] [cgi:error] [pid 47599] [client 148.113.214.89:58873] script not found or unable to stat: /var/www/cgi-bin/%2e%2e%2f%2e%2e%2f%2e%2e%2f%2e%2e%2f%2e%2e%2f%2e%2e%2f%2e%2e%2f%2e%2e%2fetc
[Tue Dec 02 10:02:25.703623 2025] [core:error] [pid 47332] (36)File name too long: [client 148.113.214.89:59161] AH00036: access to /icons/AAAAAAAAAAAAAAAAAAAAAAAAAAAAAAAAAAAAAAAAAAAAAAAAAAAAAAAAAAAAAAAAAAAAAAAAAAAAAAAAAAAAAAAAAAAAAAAAAAAAAAAAAAAAAAAAAAAAAAAAAAAAAAAAAAAAAAAAAAAAAAAAAAAAAAAAAAAAAAAAAAAAAAAAAAAAAAAAAAAAAAAAAAAAAAAAAAAAAAAAAAAAAAAAAAAAAAAAAAAAAAAAAAAAAAAAAAAAAAAAAAAAAAAAAAAAAAAAAAAAAAAAAAAAAAAAAAAAAAAAAAAAAAAAAAAAAAAAAAAA/